{"id":2243,"date":"2014-05-27T17:12:45","date_gmt":"2014-05-27T15:12:45","guid":{"rendered":"http:\/\/www2.lyceejeanperrin.fr\/?page_id=2243"},"modified":"2014-05-27T17:12:45","modified_gmt":"2014-05-27T15:12:45","slug":"assos-parents-eleves","status":"publish","type":"page","link":"https:\/\/www.lyceejeanperrin.fr\/?page_id=2243","title":{"rendered":"Associations de Parents d&rsquo;\u00c9l\u00e8ves"},"content":{"rendered":"<p>Au sein du lyc\u00e9e Jean Perrin \u00e0 Lambersart, deux associations de parents d\u2019\u00e9l\u00e8ves sont pr\u00e9sentes : la FCPE <img loading=\"lazy\" decoding=\"async\" class=\"alignnone wp-image-88877\" src=\"https:\/\/www.lyceejeanperrin.fr\/wp-content\/uploads\/2020\/06\/FCPE.jpg\" alt=\"FCPE\" width=\"44\" height=\"42\" \/> et la PEEP<img loading=\"lazy\" decoding=\"async\" class=\"alignnone wp-image-88876\" src=\"https:\/\/www.lyceejeanperrin.fr\/wp-content\/uploads\/2020\/06\/PEEP.jpg\" alt=\"PEEP\" width=\"91\" height=\"18\" \/><\/p>\n<p>Elles ont plusieurs missions :<br \/>\n&#8211; La premi\u00e8re, la fourniture des manuels scolaires avec obligation de restitution, en effet, les livres ne sont pas fournis par le lyc\u00e9e et sont \u00e0 la charge des familles. C\u2019est pourquoi les associations proposent un pr\u00eat de livres \u00e0 l\u2019ann\u00e9e via une adh\u00e9sion \u00e0 l\u2019une des deux associations.<br \/>\n&#8211; La deuxi\u00e8me mission est de repr\u00e9senter les parents d&rsquo;\u00e9l\u00e8ves dans les diff\u00e9rents Conseils, R\u00e9unions et Commissions qui ont lieu au cours de l\u2019ann\u00e9e scolaire.<\/p>\n<p>Les associations assurent l\u2019interface et le lien avec le lyc\u00e9e ou tout autre acteur de la vie scolaire.<\/p>\n<p><strong>Principe de la bourse aux livres<\/strong><br \/>\nEn fin d&rsquo;ann\u00e9e, les \u00e9l\u00e8ves remplissent une fiche d\u2019adh\u00e9sion (un bon de commande) \u00e0 l\u2019une des deux associations mentionn\u00e9es ci-dessus afin de r\u00e9server leurs livres pour l\u2019ann\u00e9e suivante et rendent leurs livres de l&rsquo;ann\u00e9e \u00e9coul\u00e9e.<\/p>\n<p>Les \u00e9l\u00e8ves r\u00e9cup\u00e8rent leurs livres fin ao\u00fbt ou d\u00e9but septembre.<\/p>\n<p>Ce service est payant mais peut-\u00eatre r\u00e9gl\u00e9 gr\u00e2ce \u00e0 la carte HDF cr\u00e9dit\u00e9e par la r\u00e9gion (Voir la page d\u00e9di\u00e9e dans l&rsquo;Onglet INFOS PRATIQUES &#8211; Carte g\u00e9n\u00e9ration Hauts de France)<\/p>\n<p><strong>Principe de repr\u00e9sentation des associations des parents d\u2019\u00e9l\u00e8ves FCPE \/ PEEP<\/strong><br \/>\nLes \u00e9lections des repr\u00e9sentants de parents d\u2019\u00e9l\u00e8ves sont effectu\u00e9es chaque ann\u00e9e au plus tard avant la fin de la septi\u00e8me semaine de l\u2019ann\u00e9e scolaire. Les parents \u00e9lus le sont \u00e0 compter de l&rsquo;\u00e9lection jusqu\u2019au \u00e9lection de l\u2019ann\u00e9e qui suit.<br \/>\nLes parents expriment leur suffrage par correspondance exclusivement jusqu&rsquo;\u00e0 la date du scrutin.<br \/>\nLes parents \u00e9lus participent aux diverses commissions propos\u00e9es.<br \/>\n\u00c0 votre demande, ces m\u00eames repr\u00e9sentants peuvent assurer un r\u00f4le de m\u00e9diateur aupr\u00e8s de la communaut\u00e9 \u00e9ducative.<br \/>\nLes parents adh\u00e9rents aux associations sont aussi pr\u00e9sents aux conseils de classes pour repr\u00e9senter les parents de la classe.<\/p>\n<p><strong>Les coordonn\u00e9es des associations de parents d\u2019\u00e9l\u00e8ves :<\/strong><br \/>\n<strong>FCPE<\/strong> : presidentfcpejeanperrin@gmail.com ou 06 13 56 52 79<br \/>\n<strong>PEEP<\/strong> : peeplyceejeanperrin@gmail.com ou 06 50 53 11 44<\/p>\n<p><strong>Les sites des associations de parents d\u2019\u00e9l\u00e8ves<\/strong> :<br \/>\nFCPE : http:\/\/www.fcpe59.fr<br \/>\nPEEP : http:\/\/ad59.peep.asso.fr<\/p>\n<p><strong>Les fiches de pr\u00e9sentation des F\u00e9d\u00e9rations de Parents d&rsquo;\u00e9l\u00e8ves :<\/strong><\/p>\n<p><a href=\"https:\/\/www.lyceejeanperrin.fr\/wp-content\/uploads\/2021\/04\/FCPE-presentation-de-la-FCPE-version2021_04_09.pdf\">Pr\u00e9sentation de la FCPE ICI<\/a><\/p>\n<p><a href=\"https:\/\/www.lyceejeanperrin.fr\/wp-content\/uploads\/2021\/05\/PEEP-Fiche-de-presentation.pdf\">Pr\u00e9sentation de la PEEP ICI<\/a><\/p>\n","protected":false},"excerpt":{"rendered":"<p>Au sein du lyc\u00e9e Jean Perrin \u00e0 Lambersart, deux associations de parents d\u2019\u00e9l\u00e8ves sont pr\u00e9sentes : la FCPE et la PEEP Elles ont plusieurs missions : &#8211; La premi\u00e8re, la fourniture des manuels scolaires avec obligation de restitution, en effet, les livres ne sont pas fournis par le lyc\u00e9e et &#8230;<\/p>\n","protected":false},"author":2,"featured_media":0,"parent":87633,"menu_order":1,"comment_status":"closed","ping_status":"closed","template":"","meta":{"footnotes":""},"class_list":["post-2243","page","type-page","status-publish","hentry","column","threecol"],"_links":{"self":[{"href":"https:\/\/www.lyceejeanperrin.fr\/index.php?rest_route=\/wp\/v2\/pages\/2243","targetHints":{"allow":["GET"]}}],"collection":[{"href":"https:\/\/www.lyceejeanperrin.fr\/index.php?rest_route=\/wp\/v2\/pages"}],"about":[{"href":"https:\/\/www.lyceejeanperrin.fr\/index.php?rest_route=\/wp\/v2\/types\/page"}],"author":[{"embeddable":true,"href":"https:\/\/www.lyceejeanperrin.fr\/index.php?rest_route=\/wp\/v2\/users\/2"}],"replies":[{"embeddable":true,"href":"https:\/\/www.lyceejeanperrin.fr\/index.php?rest_route=%2Fwp%2Fv2%2Fcomments&post=2243"}],"version-history":[{"count":0,"href":"https:\/\/www.lyceejeanperrin.fr\/index.php?rest_route=\/wp\/v2\/pages\/2243\/revisions"}],"up":[{"embeddable":true,"href":"https:\/\/www.lyceejeanperrin.fr\/index.php?rest_route=\/wp\/v2\/pages\/87633"}],"wp:attachment":[{"href":"https:\/\/www.lyceejeanperrin.fr\/index.php?rest_route=%2Fwp%2Fv2%2Fmedia&parent=2243"}],"curies":[{"name":"wp","href":"https:\/\/api.w.org\/{rel}","templated":true}]}}