{"id":23903,"date":"2014-07-07T16:31:11","date_gmt":"2014-07-07T14:31:11","guid":{"rendered":"https:\/\/www.lyceejeanperrin.fr\/?page_id=23903"},"modified":"2026-01-19T11:04:10","modified_gmt":"2026-01-19T10:04:10","slug":"premiere","status":"publish","type":"page","link":"https:\/\/www.lyceejeanperrin.fr\/?page_id=23903","title":{"rendered":"Premi\u00e8re"},"content":{"rendered":"<article>\n<h1>Les lettres en premi\u00e8re<\/h1>\n<\/article>\n<h3 class=\"MF07-titre\"><span style=\"font-size: 12pt; font-family: 'arial black', sans-serif;\"><span style=\"font-family: verdana, geneva, sans-serif;\">Programme national d&rsquo;\u0153uvres pour l&rsquo;enseignement de fran\u00e7ais pour l&rsquo;ann\u00e9e scolaire 2025-2026 <\/span>: <a href=\"https:\/\/www.education.gouv.fr\/bo\/2024\/Hebdo30\/MENE2418442N\">cliquer\u00a0ici<\/a><\/span><\/h3>\n<p style=\"text-align: center;\"><a href=\"https:\/\/www.lyceejeanperrin.fr\/wp-content\/uploads\/2018\/06\/Modif-conseils-bac.pdf\">Conseils pour bien se pr\u00e9parer au bac<\/a><\/p>\n<article><strong>DATES OFFICIELLES DU BAC Fran\u00e7ais 2026 : <\/strong><\/article>\n<article><strong>&#8211; fran\u00e7ais \u00e9crit :\u00a0<strong>11 juin matin\u00a0<\/strong><\/strong><\/article>\n<article><strong>&#8211; oral : <\/strong><strong>Fran\u00e7ais (toutes s\u00e9ries) : non encore paru<br \/>\n<\/strong><\/article>\n<article><\/article>\n<article><\/article>\n<article><strong><br \/>\n<\/strong><span style=\"font-size: 13px;\"><strong><span style=\"color: #ff0000;\">Pour l&rsquo;oral ne pas h\u00e9siter pour la pr\u00e9paration \u00e0 consulter la <a href=\"https:\/\/www.lyceejeanperrin.fr\/wp-content\/uploads\/2018\/06\/Modif-conseils-bac.pdf\">fiche d&rsquo;aide sur le site du lyc\u00e9e<\/a>.\u00a0<\/span><\/strong><\/span><\/p>\n<p style=\"text-align: center;\"><span style=\"color: #ff0000;\">\u00a0<\/span><\/p>\n<\/article>\n","protected":false},"excerpt":{"rendered":"<p>Les lettres en premi\u00e8re Programme national d&rsquo;\u0153uvres pour l&rsquo;enseignement de fran\u00e7ais pour l&rsquo;ann\u00e9e scolaire 2025-2026 : cliquer\u00a0ici Conseils pour bien se pr\u00e9parer au bac DATES OFFICIELLES DU BAC Fran\u00e7ais 2026 : &#8211; fran\u00e7ais \u00e9crit :\u00a011 juin matin\u00a0 &#8211; oral : Fran\u00e7ais (toutes s\u00e9ries) : non encore paru Pour l&rsquo;oral ne &#8230;<\/p>\n","protected":false},"author":2,"featured_media":0,"parent":88441,"menu_order":1,"comment_status":"closed","ping_status":"closed","template":"","meta":{"footnotes":""},"class_list":["post-23903","page","type-page","status-publish","hentry","column","threecol"],"_links":{"self":[{"href":"https:\/\/www.lyceejeanperrin.fr\/index.php?rest_route=\/wp\/v2\/pages\/23903","targetHints":{"allow":["GET"]}}],"collection":[{"href":"https:\/\/www.lyceejeanperrin.fr\/index.php?rest_route=\/wp\/v2\/pages"}],"about":[{"href":"https:\/\/www.lyceejeanperrin.fr\/index.php?rest_route=\/wp\/v2\/types\/page"}],"author":[{"embeddable":true,"href":"https:\/\/www.lyceejeanperrin.fr\/index.php?rest_route=\/wp\/v2\/users\/2"}],"replies":[{"embeddable":true,"href":"https:\/\/www.lyceejeanperrin.fr\/index.php?rest_route=%2Fwp%2Fv2%2Fcomments&post=23903"}],"version-history":[{"count":10,"href":"https:\/\/www.lyceejeanperrin.fr\/index.php?rest_route=\/wp\/v2\/pages\/23903\/revisions"}],"predecessor-version":[{"id":91386,"href":"https:\/\/www.lyceejeanperrin.fr\/index.php?rest_route=\/wp\/v2\/pages\/23903\/revisions\/91386"}],"up":[{"embeddable":true,"href":"https:\/\/www.lyceejeanperrin.fr\/index.php?rest_route=\/wp\/v2\/pages\/88441"}],"wp:attachment":[{"href":"https:\/\/www.lyceejeanperrin.fr\/index.php?rest_route=%2Fwp%2Fv2%2Fmedia&parent=23903"}],"curies":[{"name":"wp","href":"https:\/\/api.w.org\/{rel}","templated":true}]}}

Première

<article>
<h1>Les lettres en première</h1>
</article>
<h3 class="MF07-titre"><span style="font-size: 12pt; font-family: 'arial black', sans-serif;"><span style="font-family: verdana, geneva, sans-serif;">Programme national d&rsquo;œuvres pour l&rsquo;enseignement de français pour l&rsquo;année scolaire 2025-2026 </span>: <a href="https://www.education.gouv.fr/bo/2024/Hebdo30/MENE2418442N">cliquer ici</a></span></h3>
<p style="text-align: center;"><a href="https://www.lyceejeanperrin.fr/wp-content/uploads/2018/06/Modif-conseils-bac.pdf">Conseils pour bien se préparer au bac</a></p>
<article><strong>DATES OFFICIELLES DU BAC Français 2026 : </strong></article>
<article><strong>&#8211; français écrit : <strong>11 juin matin </strong></strong></article>
<article><strong>&#8211; oral : </strong><strong>Français (toutes séries) : non encore paru<br />
</strong></article>
<article></article>
<article></article>
<article><strong><br />
</strong><span style="font-size: 13px;"><strong><span style="color: #ff0000;">Pour l&rsquo;oral ne pas hésiter pour la préparation à consulter la <a href="https://www.lyceejeanperrin.fr/wp-content/uploads/2018/06/Modif-conseils-bac.pdf">fiche d&rsquo;aide sur le site du lycée</a>. </span></strong></span></p>
<p style="text-align: center;"><span style="color: #ff0000;"> </span></p>
</article>

<p>Les lettres en première Programme national d&rsquo;œuvres pour l&rsquo;enseignement de français pour l&rsquo;année scolaire 2025-2026 : cliquer ici Conseils pour bien se préparer au bac DATES OFFICIELLES DU BAC Français 2026 : &#8211; français écrit : 11 juin matin  &#8211; oral : Français (toutes séries) : non encore paru Pour l&rsquo;oral ne &#8230;</p>
