{"id":35,"date":"2014-05-23T15:09:53","date_gmt":"2014-05-23T13:09:53","guid":{"rendered":"http:\/\/www2.lyceejeanperrin.fr\/?page_id=35"},"modified":"2022-05-19T11:03:07","modified_gmt":"2022-05-19T09:03:07","slug":"qui-etait-jean-perrin","status":"publish","type":"page","link":"https:\/\/www.lyceejeanperrin.fr\/?page_id=35","title":{"rendered":"Qui \u00e9tait Jean Perrin ?"},"content":{"rendered":"<p style=\"text-align: center;\"><span style=\"font-size: 10pt;\"><strong><span style=\"font-family: verdana, geneva;\"><em>\u00ab\u00a0Il n&rsquo;est pas de Science possible l\u00e0 o\u00f9 la Pens\u00e9e n&rsquo;est pas libre, et la Pens\u00e9e ne peut \u00eatre libre sans que la conscience ne soit \u00e9galement libre.\u00a0\u00bb<\/em><\/span><\/strong><\/span><\/p>\n<h1 style=\"text-align: center;\"><img loading=\"lazy\" decoding=\"async\" class=\"alignnone  wp-image-89479\" src=\"https:\/\/www.lyceejeanperrin.fr\/wp-content\/uploads\/2021\/03\/Fresque-lycee.jpg\" alt=\"Fresque lyc\u00e9e\" width=\"643\" height=\"204\" srcset=\"https:\/\/www.lyceejeanperrin.fr\/wp-content\/uploads\/2021\/03\/Fresque-lycee.jpg 463w, https:\/\/www.lyceejeanperrin.fr\/wp-content\/uploads\/2021\/03\/Fresque-lycee-300x95.jpg 300w, https:\/\/www.lyceejeanperrin.fr\/wp-content\/uploads\/2021\/03\/Fresque-lycee-332x105.jpg 332w\" sizes=\"auto, (max-width: 643px) 100vw, 643px\" \/><\/h1>\n<p>Jean PERRIN naquit le 30 septembre 1870, d&rsquo;une m\u00e8re Boulonnaise et d&rsquo;un p\u00e8re Capitaine d&rsquo;Infanterie, alors en garnison \u00e0 la Citadelle Vauban de Lille.<\/p>\n<p>Il fit de brillantes \u00e9tudes au lyc\u00e9e de Lyon et au lyc\u00e9e Janson-de-Sailly \u00e0 Paris, puis entra \u00e0 l&rsquo;Ecole Normale Sup\u00e9rieure en 1891 comme agr\u00e9g\u00e9 pr\u00e9parateur.<\/p>\n<p>Son go\u00fbt de la recherche et ses exp\u00e9rimentations rigoureuses sur les rayons cathodiques et les rayons X permirent d&rsquo;apporter, d\u00e8s 1895, la preuve directe de l&rsquo;existence corpusculaire de la mati\u00e8re.<\/p>\n<p>Jean PERRIN exposa, dans un ouvrage intitul\u00e9 \u00ab\u00a0Les Atomes\u00a0\u00bb, ses exp\u00e9riences les plus remarquables, pour lesquelles lui fut d\u00e9cern\u00e9 en 1926 le Prix Nobel de Physique. Il venait d&rsquo;apporter au monde la preuve irr\u00e9futable de l&rsquo;existence des atomes.<\/p>\n<p>Il se passionna \u00e9galement pour l&rsquo;Astronomie, consid\u00e9rant que cette science pouvait jouer un r\u00f4le essentiel dans la lib\u00e9ration spirituelle des hommes.<\/p>\n<p>Il consacra les dix derni\u00e8res ann\u00e9es de sa vie \u00e0 construire l&rsquo;avenir de la recherche scientifique fran\u00e7aise. Il cr\u00e9a le Centre National de la Recherche Scientifique et le Palais de la D\u00e9couverte, avec le souci permanent de favoriser la recherche pure d\u00e9sint\u00e9ress\u00e9e, poursuivie pour sa seule valeur intellectuelle et artistique, et incita le plus grand nombre de jeunes \u00e0 participer \u00e0 cette recherche. C&rsquo;est aussi sous sa ferme impulsion qu&rsquo;ont \u00e9t\u00e9 fond\u00e9s l&rsquo;Institut d&rsquo;Astrophysique de Paris, l&rsquo;Observatoire de Haute-Provence et l&rsquo;Institut de Biologie physio-chimique.<\/p>\n<p>Fonci\u00e8rement pacifiste et ardent patriote, il n&rsquo;accepta pas la soumission \u00e0 l&rsquo;envahisseur apr\u00e8s la d\u00e9faite de 1940. Il partit aux Etats-Unis pour mieux d\u00e9fendre l&rsquo;honneur de la France. Il mourut \u00e0 New-York le 17 avril 1942.<\/p>\n<p>En hommage supr\u00eame de la Nation, ses cendres furent ramen\u00e9es par le croiseur \u00ab\u00a0Jeanne d&rsquo;Arc\u00a0\u00bb et transport\u00e9es au Panth\u00e9on le 18 Novembre 1948. Il retrouvait alors son ami de toujours, Paul LANGEVIN, avec lequel il avait tant combattu pour que \u00ab\u00a0L&rsquo;homme, par usage de la raison, soit le seul ma\u00eetre de son destin\u00a0\u00bb.<\/p>\n","protected":false},"excerpt":{"rendered":"<p>\u00ab\u00a0Il n&rsquo;est pas de Science possible l\u00e0 o\u00f9 la Pens\u00e9e n&rsquo;est pas libre, et la Pens\u00e9e ne peut \u00eatre libre sans que la conscience ne soit \u00e9galement libre.\u00a0\u00bb Jean PERRIN naquit le 30 septembre 1870, d&rsquo;une m\u00e8re Boulonnaise et d&rsquo;un p\u00e8re Capitaine d&rsquo;Infanterie, alors en garnison \u00e0 la Citadelle Vauban &#8230;<\/p>\n","protected":false},"author":2,"featured_media":0,"parent":25393,"menu_order":2,"comment_status":"closed","ping_status":"closed","template":"","meta":{"footnotes":""},"class_list":["post-35","page","type-page","status-publish","hentry","column","threecol"],"_links":{"self":[{"href":"https:\/\/www.lyceejeanperrin.fr\/index.php?rest_route=\/wp\/v2\/pages\/35","targetHints":{"allow":["GET"]}}],"collection":[{"href":"https:\/\/www.lyceejeanperrin.fr\/index.php?rest_route=\/wp\/v2\/pages"}],"about":[{"href":"https:\/\/www.lyceejeanperrin.fr\/index.php?rest_route=\/wp\/v2\/types\/page"}],"author":[{"embeddable":true,"href":"https:\/\/www.lyceejeanperrin.fr\/index.php?rest_route=\/wp\/v2\/users\/2"}],"replies":[{"embeddable":true,"href":"https:\/\/www.lyceejeanperrin.fr\/index.php?rest_route=%2Fwp%2Fv2%2Fcomments&post=35"}],"version-history":[{"count":1,"href":"https:\/\/www.lyceejeanperrin.fr\/index.php?rest_route=\/wp\/v2\/pages\/35\/revisions"}],"predecessor-version":[{"id":90062,"href":"https:\/\/www.lyceejeanperrin.fr\/index.php?rest_route=\/wp\/v2\/pages\/35\/revisions\/90062"}],"up":[{"embeddable":true,"href":"https:\/\/www.lyceejeanperrin.fr\/index.php?rest_route=\/wp\/v2\/pages\/25393"}],"wp:attachment":[{"href":"https:\/\/www.lyceejeanperrin.fr\/index.php?rest_route=%2Fwp%2Fv2%2Fmedia&parent=35"}],"curies":[{"name":"wp","href":"https:\/\/api.w.org\/{rel}","templated":true}]}}