{"id":38,"date":"2014-05-23T15:11:57","date_gmt":"2014-05-23T13:11:57","guid":{"rendered":"http:\/\/www2.lyceejeanperrin.fr\/?page_id=38"},"modified":"2025-09-24T10:32:00","modified_gmt":"2025-09-24T08:32:00","slug":"histoire-du-lycee","status":"publish","type":"page","link":"https:\/\/www.lyceejeanperrin.fr\/?page_id=38","title":{"rendered":"Histoire du lyc\u00e9e"},"content":{"rendered":"<h1 style=\"text-align: center;\"><span style=\"font-family: verdana, geneva; font-size: 24pt;\">Un peu d&rsquo;histoire &#8230;<\/span><\/h1>\n<p><span style=\"font-family: verdana, geneva; font-size: 12pt;\">Notre lyc\u00e9e, d&rsquo;abord annexe du Lyc\u00e9e Faidherbe de Lille, s&rsquo;ouvre en 1955, rue des Martyrs de la r\u00e9sistance \u00e0 Lambersart. Il se compose alors de 3 classes regroupant 67 \u00e9l\u00e8ves et 6 professeurs.<\/span><\/p>\n<p><span style=\"font-family: verdana, geneva; font-size: 12pt;\">Ce n&rsquo;est qu&rsquo;\u00e0 partir de 1960 qu&rsquo;il occupe l&#8217;emplacement actuel. Seul le b\u00e2timent d&rsquo;externat est termin\u00e9 et peut accueillir dans les locaux flambant neufs les 430 \u00e9l\u00e8ves que compte alors le lyc\u00e9e. La cuisine et la demi-pension ne sont achev\u00e9es qu&rsquo;en 1964, et il faudra attendre 1966 pour l&rsquo;ouverture de l&rsquo;internat et des installations sportives.<\/span><\/p>\n<p><span style=\"font-family: verdana, geneva; font-size: 12pt;\">Notre lyc\u00e9e est officiellement inaugur\u00e9 le 7 Mai 1966 sous la pr\u00e9sidence de M. DEBEYRE, Recteur d&rsquo;Acad\u00e9mie, et de M. CHEDEVILLE, Proviseur. Il portera le nom de JEAN PERRIN le 6 Novembre 1971, \u00e0 l&rsquo;issue d&rsquo;une imposante c\u00e9r\u00e9monie comm\u00e9morant le centenaire de la naissance de l&rsquo;illustre savant.<\/span><br \/><span style=\"font-family: verdana, geneva; font-size: 12pt;\"> Direction de l&rsquo;\u00e9tablissement depuis sa cr\u00e9ation :<\/span><\/p>\n<ul>\n<li><span style=\"font-family: verdana, geneva; font-size: 12pt;\">de 1955 \u00e0 1960 : M. WALLET, censeur-directeur<\/span><\/li>\n<li><span style=\"font-family: verdana, geneva; font-size: 12pt;\">de 1960 \u00e0 1964 : Mlle RIGOLLE, proviseur<\/span><\/li>\n<li><span style=\"font-family: verdana, geneva; font-size: 12pt;\">de 1964 \u00e0 1982 : M. CHEDEVILLE, proviseur<\/span><\/li>\n<li><span style=\"font-family: verdana, geneva; font-size: 12pt;\">de 1982 \u00e0 1983 : Mme DUMONT, censeur<\/span><\/li>\n<li><span style=\"font-family: verdana, geneva; font-size: 12pt;\">de 1983 \u00e0 1989 : Mme PETIT, proviseur<\/span><\/li>\n<li><span style=\"font-family: verdana, geneva; font-size: 12pt;\">de 1989 \u00e0 1990 : M. HEYTE, proviseur<\/span><\/li>\n<li><span style=\"font-family: verdana, geneva; font-size: 12pt;\">de 1990 \u00e0 1999 : Mme HAMILLE, proviseur<\/span><\/li>\n<li><span style=\"font-family: verdana, geneva; font-size: 12pt;\">de 1999 \u00e0 2003 : M. CHARLET, proviseur<\/span><\/li>\n<li><span style=\"font-family: verdana, geneva; font-size: 12pt;\">de 2003 \u00e0 2008 : M. NO\u00cbL, proviseur<\/span><\/li>\n<li><span style=\"font-family: verdana, geneva; font-size: 12pt;\">de 2008 \u00e0 2011 : M. CLAISSE, proviseur<\/span><\/li>\n<li><span style=\"font-family: verdana, geneva; font-size: 12pt;\">de 2011 \u00e0 2012 : M. DORDAIN, proviseur<\/span><\/li>\n<li><span style=\"font-family: verdana, geneva; font-size: 12pt;\">de 2012 \u00e0 2015 : M. LOUCHARD, proviseur<\/span><\/li>\n<li><span style=\"font-family: verdana, geneva; font-size: 12pt;\">de 2015 \u00e0 2019 : Mme THIERCY , proviseur<\/span><\/li>\n<li><span style=\"font-family: verdana, geneva; font-size: 12pt;\">de 2019 \u00e0 2022 : M. MENET, proviseur<\/span><\/li>\n<li><span style=\"font-family: verdana, geneva; font-size: 12pt;\">de 2022 \u00e0 2025 : Mme MILHE Anne, proviseur<br \/><\/span><\/li>\n<li>\u00e0 compter de la rentr\u00e9e 2025 : Mme TAGLIOLI Malory, proviseure<\/li>\n<\/ul>\n\n\n<p><\/p>\n","protected":false},"excerpt":{"rendered":"<p>Un peu d&rsquo;histoire &#8230; Notre lyc\u00e9e, d&rsquo;abord annexe du Lyc\u00e9e Faidherbe de Lille, s&rsquo;ouvre en 1955, rue des Martyrs de la r\u00e9sistance \u00e0 Lambersart. Il se compose alors de 3 classes regroupant 67 \u00e9l\u00e8ves et 6 professeurs. Ce n&rsquo;est qu&rsquo;\u00e0 partir de 1960 qu&rsquo;il occupe l&#8217;emplacement actuel. Seul le b\u00e2timent &#8230;<\/p>\n","protected":false},"author":2,"featured_media":0,"parent":25393,"menu_order":3,"comment_status":"closed","ping_status":"closed","template":"","meta":{"footnotes":""},"class_list":["post-38","page","type-page","status-publish","hentry","column","threecol"],"_links":{"self":[{"href":"https:\/\/www.lyceejeanperrin.fr\/index.php?rest_route=\/wp\/v2\/pages\/38","targetHints":{"allow":["GET"]}}],"collection":[{"href":"https:\/\/www.lyceejeanperrin.fr\/index.php?rest_route=\/wp\/v2\/pages"}],"about":[{"href":"https:\/\/www.lyceejeanperrin.fr\/index.php?rest_route=\/wp\/v2\/types\/page"}],"author":[{"embeddable":true,"href":"https:\/\/www.lyceejeanperrin.fr\/index.php?rest_route=\/wp\/v2\/users\/2"}],"replies":[{"embeddable":true,"href":"https:\/\/www.lyceejeanperrin.fr\/index.php?rest_route=%2Fwp%2Fv2%2Fcomments&post=38"}],"version-history":[{"count":7,"href":"https:\/\/www.lyceejeanperrin.fr\/index.php?rest_route=\/wp\/v2\/pages\/38\/revisions"}],"predecessor-version":[{"id":91226,"href":"https:\/\/www.lyceejeanperrin.fr\/index.php?rest_route=\/wp\/v2\/pages\/38\/revisions\/91226"}],"up":[{"embeddable":true,"href":"https:\/\/www.lyceejeanperrin.fr\/index.php?rest_route=\/wp\/v2\/pages\/25393"}],"wp:attachment":[{"href":"https:\/\/www.lyceejeanperrin.fr\/index.php?rest_route=%2Fwp%2Fv2%2Fmedia&parent=38"}],"curies":[{"name":"wp","href":"https:\/\/api.w.org\/{rel}","templated":true}]}}