{"id":40175,"date":"2014-08-27T15:22:48","date_gmt":"2014-08-27T13:22:48","guid":{"rendered":"https:\/\/www.lyceejeanperrin.fr\/?page_id=40175"},"modified":"2023-01-25T15:13:10","modified_gmt":"2023-01-25T14:13:10","slug":"linternat-du-lycee","status":"publish","type":"page","link":"https:\/\/www.lyceejeanperrin.fr\/?page_id=40175","title":{"rendered":"Internat du 21\u00e8me si\u00e8cle"},"content":{"rendered":"<p><strong>NOUVEAU<\/strong> : Notre internat vient d&rsquo;\u00eatre labellis\u00e9 <strong>INTERNAT D&rsquo;EXCELLENCE<\/strong> dans la th\u00e9matique <strong>R\u00c9SIDENCE OLYMPIQUE<\/strong>.<\/p>\n<p>Cette labellisation vient souligner le travail r\u00e9alis\u00e9 en mati\u00e8re de <strong>partenariats<\/strong> et d&rsquo;<strong>accompagnement des \u00e9l\u00e8ves<\/strong>.<\/p>\n<p><span id=\"E1224\">Notre <strong>projet d&rsquo;internat<\/strong> repose sur des <strong>valeurs<\/strong> et des objectifs partag\u00e9s\u00a0: entraide, solidarit\u00e9, <\/span><span id=\"E1225\">enrichissement collectif, <\/span><span id=\"E1226\">ouverture au monde et \u00e0 la culture, recherche de l\u2019\u00e9panouissement et de la r\u00e9ussite des \u00e9l\u00e8ves<\/span><span id=\"E1227\">, aider \u00e0 la construction du futur citoyen\u2026tout en d\u00e9veloppant\u00a0<span id=\"E1241\">la<\/span><span id=\"E1242\"><strong> responsabilisation<\/strong> et l&rsquo;\u00a0<\/span><span id=\"E1243\">autonomie<\/span><span id=\"E1244\"> des \u00e9l\u00e8ves.<\/span><\/span><\/p>\n<p><strong>Quelques actions \u00e0 venir ou r\u00e9alis\u00e9es<\/strong> :<\/p>\n<ul>\n<li><span style=\"text-decoration: underline;\">septembre<\/span> : <strong>sortie<\/strong> au Match de Ligue 1 LOSC\/STADE DE REIMS<\/li>\n<\/ul>\n<p><a href=\"https:\/\/www.lyceejeanperrin.fr\/wp-content\/uploads\/2014\/08\/PHOTO-2021-09-30-12-22-16.jpg\" rel=\"attachment wp-att-89758\"><img loading=\"lazy\" decoding=\"async\" class=\"alignnone wp-image-89758 size-medium\" src=\"https:\/\/www.lyceejeanperrin.fr\/wp-content\/uploads\/2014\/08\/PHOTO-2021-09-30-12-22-16-169x300.jpg\" alt=\"Sortie avec les internes\" width=\"169\" height=\"300\" srcset=\"https:\/\/www.lyceejeanperrin.fr\/wp-content\/uploads\/2014\/08\/PHOTO-2021-09-30-12-22-16-169x300.jpg 169w, https:\/\/www.lyceejeanperrin.fr\/wp-content\/uploads\/2014\/08\/PHOTO-2021-09-30-12-22-16-332x590.jpg 332w, https:\/\/www.lyceejeanperrin.fr\/wp-content\/uploads\/2014\/08\/PHOTO-2021-09-30-12-22-16.jpg 576w\" sizes=\"auto, (max-width: 169px) 100vw, 169px\" \/><\/a> <a href=\"https:\/\/www.lyceejeanperrin.fr\/wp-content\/uploads\/2014\/08\/PHOTO-2021-09-30-12-22-03.jpg\" rel=\"attachment wp-att-89759\"><img loading=\"lazy\" decoding=\"async\" class=\"alignnone wp-image-89759 size-medium\" src=\"https:\/\/www.lyceejeanperrin.fr\/wp-content\/uploads\/2014\/08\/PHOTO-2021-09-30-12-22-03-169x300.jpg\" alt=\"Sortie au Match\" width=\"169\" height=\"300\" srcset=\"https:\/\/www.lyceejeanperrin.fr\/wp-content\/uploads\/2014\/08\/PHOTO-2021-09-30-12-22-03-169x300.jpg 169w, https:\/\/www.lyceejeanperrin.fr\/wp-content\/uploads\/2014\/08\/PHOTO-2021-09-30-12-22-03-332x590.jpg 332w, https:\/\/www.lyceejeanperrin.fr\/wp-content\/uploads\/2014\/08\/PHOTO-2021-09-30-12-22-03.jpg 576w\" sizes=\"auto, (max-width: 169px) 100vw, 169px\" \/><\/a> <a href=\"https:\/\/www.lyceejeanperrin.fr\/wp-content\/uploads\/2014\/08\/PHOTO-2021-09-30-12-22-31.jpg\" rel=\"attachment wp-att-89760\"><img loading=\"lazy\" decoding=\"async\" class=\"alignnone wp-image-89760 size-medium\" src=\"https:\/\/www.lyceejeanperrin.fr\/wp-content\/uploads\/2014\/08\/PHOTO-2021-09-30-12-22-31-300x169.jpg\" alt=\"Vue sur le stade\" width=\"300\" height=\"169\" srcset=\"https:\/\/www.lyceejeanperrin.fr\/wp-content\/uploads\/2014\/08\/PHOTO-2021-09-30-12-22-31-300x169.jpg 300w, https:\/\/www.lyceejeanperrin.fr\/wp-content\/uploads\/2014\/08\/PHOTO-2021-09-30-12-22-31-768x432.jpg 768w, https:\/\/www.lyceejeanperrin.fr\/wp-content\/uploads\/2014\/08\/PHOTO-2021-09-30-12-22-31-700x393.jpg 700w, https:\/\/www.lyceejeanperrin.fr\/wp-content\/uploads\/2014\/08\/PHOTO-2021-09-30-12-22-31-332x187.jpg 332w, https:\/\/www.lyceejeanperrin.fr\/wp-content\/uploads\/2014\/08\/PHOTO-2021-09-30-12-22-31.jpg 1024w\" sizes=\"auto, (max-width: 300px) 100vw, 300px\" \/><\/a><\/p>\n<ul>\n<li><span style=\"text-decoration: underline;\">octobre<\/span>:\u00a0<b>\u00ab\u00a0<\/b><strong>Octobre Rose<\/strong><b>\u00a0\u00bb :\u00a0<\/b>Action de sensibilisation en faveur d&rsquo;Octobre Rose. R\u00e9alisation de messages vid\u00e9o diffus\u00e9s sur le site du lyc\u00e9e.<\/li>\n<\/ul>\n<p>A suivre sur :<\/p>\n<p><a href=\"https:\/\/www.lyceejeanperrin.fr\/?page_id=89784\">Action Octobre Rose<\/a><\/p>\n<ul>\n<li><span style=\"text-decoration: underline;\">novembre<\/span><b> : \u00ab\u00a0<\/b><strong>Alimentation du sportif<\/strong><b>\u00a0\u00bb :\u00a0<\/b>Intervention du chef cuisinier sur l&rsquo;\u00e9quilibre alimentaire du sportif. Pr\u00e9sentation diapo + temps d&rsquo;\u00e9change avec le chef &amp; repas \u00e0 th\u00e8me.<\/li>\n<li><span style=\"text-decoration: underline;\">d\u00e9cembre<\/span> :\u00a0<strong>Action solidaire<\/strong><b> :\u00a0<\/b>Organisation d&rsquo;une r\u00e9colte de jouets par les internes au sein de l&rsquo;\u00e9tablissement (organisation, communication&#8230;)<\/li>\n<\/ul>\n<p>Plus de pr\u00e9cisions prochainement &#8230;<\/p>\n<p>L&rsquo;internat, enti\u00e8rement r\u00e9nov\u00e9 en 2009, accueille les internes du lundi \u00e0 9h45, au samedi matin 8h00. Il est ferm\u00e9 le week-end et les jours f\u00e9ri\u00e9s, veilles de jours f\u00e9ri\u00e9s et pendant les vacances scolaires.<\/p>\n<p>Il a une capacit\u00e9 de 40 places r\u00e9parties de la mani\u00e8re suivante :<\/p>\n<ul>\n<li>10 chambr\u00e9es de 4 lits chacune (gar\u00e7ons <b><span style=\"text-decoration: underline;\">ou<\/span><\/b> filles),<\/li>\n<li>2 chambres individuelles \u00e9quip\u00e9es pour recevoir chacune un(e) \u00e9l\u00e8ve handicap\u00e9(e).<\/li>\n<\/ul>\n<p>Le tarif\u00a0 s&rsquo;\u00e9l\u00e8ve, selon l&#8217;emploi du temps des \u00e9l\u00e8ves, \u00e0 environ 1850 euros\/an pour 5 nuits et 1450 euros pour 4 nuits(payables au trimestre) et comprend le petit-d\u00e9jeuner, le d\u00e9jeuner, le go\u00fbter et le d\u00eener.<\/p>\n<p style=\"text-align: center;\">Visite virtuelle<\/p>\n\r\n\t<div class=\"slideshow_container slideshow_container_style-light\" style=\"height: 600px; \" data-slideshow-id=\"40878\" data-style-name=\"style-light\" data-style-version=\"2.3.1\" >\r\n\r\n\t\t\t\t\t<div class=\"slideshow_loading_icon\"><\/div>\r\n\t\t\r\n\t\t<div class=\"slideshow_content\" style=\"display: none;\">\r\n\r\n\t\t\t<div class=\"slideshow_view\">\r\n\t\t\t\t<div class=\"slideshow_slide slideshow_slide_image\">\r\n\t\t\t\t\t\t\t\t\t\t\t<img src=\"https:\/\/www.lyceejeanperrin.fr\/wp-content\/uploads\/2014\/08\/sanitaires1.jpg\" alt=\"Internat-Toilettes\" width=\"674\" height=\"513\" \/>\r\n\t\t\t\t\t\t\t\t\t\t<div class=\"slideshow_description_box slideshow_transparent\">\r\n\t\t\t\t\t\t<div class=\"slideshow_title\">Internat-Toilettes<\/div>\t\t\t\t\t\t\t\t\t\t\t<\/div>\r\n\t\t\t\t<\/div>\r\n\r\n\t\t\t\t\t\t<div style=\"clear: both;\"><\/div><\/div><div class=\"slideshow_view\">\r\n\t\t\t\t<div class=\"slideshow_slide slideshow_slide_image\">\r\n\t\t\t\t\t\t\t\t\t\t\t<img src=\"https:\/\/www.lyceejeanperrin.fr\/wp-content\/uploads\/2014\/08\/internat.jpg\" alt=\"Internat-Salle_de_jeu\" width=\"429\" height=\"357\" \/>\r\n\t\t\t\t\t\t\t\t\t\t<div class=\"slideshow_description_box slideshow_transparent\">\r\n\t\t\t\t\t\t<div class=\"slideshow_title\">Internat-Salle_de_jeu<\/div>\t\t\t\t\t\t\t\t\t\t\t<\/div>\r\n\t\t\t\t<\/div>\r\n\r\n\t\t\t\t\t\t<div style=\"clear: both;\"><\/div><\/div><div class=\"slideshow_view\">\r\n\t\t\t\t<div class=\"slideshow_slide slideshow_slide_image\">\r\n\t\t\t\t\t\t\t\t\t\t\t<img src=\"https:\/\/www.lyceejeanperrin.fr\/wp-content\/uploads\/2014\/08\/sanitaires.jpg\" alt=\"Internat-Sanitaires\" width=\"643\" height=\"824\" \/>\r\n\t\t\t\t\t\t\t\t\t\t<div class=\"slideshow_description_box slideshow_transparent\">\r\n\t\t\t\t\t\t<div class=\"slideshow_title\">Internat-Sanitaires<\/div>\t\t\t\t\t\t\t\t\t\t\t<\/div>\r\n\t\t\t\t<\/div>\r\n\r\n\t\t\t\t\t\t<div style=\"clear: both;\"><\/div><\/div><div class=\"slideshow_view\">\r\n\t\t\t\t<div class=\"slideshow_slide slideshow_slide_image\">\r\n\t\t\t\t\t\t\t\t\t\t\t<img src=\"https:\/\/www.lyceejeanperrin.fr\/wp-content\/uploads\/2014\/08\/foyer.jpg\" alt=\"Internat-Salle_de_repos\" width=\"781\" height=\"525\" \/>\r\n\t\t\t\t\t\t\t\t\t\t<div class=\"slideshow_description_box slideshow_transparent\">\r\n\t\t\t\t\t\t<div class=\"slideshow_title\">Internat-Salle_de_repos<\/div>\t\t\t\t\t\t\t\t\t\t\t<\/div>\r\n\t\t\t\t<\/div>\r\n\r\n\t\t\t\t\t\t<div style=\"clear: both;\"><\/div><\/div><div class=\"slideshow_view\">\r\n\t\t\t\t<div class=\"slideshow_slide slideshow_slide_image\">\r\n\t\t\t\t\t\t\t\t\t\t\t<img src=\"https:\/\/www.lyceejeanperrin.fr\/wp-content\/uploads\/2014\/08\/coin_travail.jpg\" alt=\"Internat-Coin_travail\" width=\"992\" height=\"744\" \/>\r\n\t\t\t\t\t\t\t\t\t\t<div class=\"slideshow_description_box slideshow_transparent\">\r\n\t\t\t\t\t\t<div class=\"slideshow_title\">Internat-Coin_travail<\/div>\t\t\t\t\t\t\t\t\t\t\t<\/div>\r\n\t\t\t\t<\/div>\r\n\r\n\t\t\t\t\t\t<div style=\"clear: both;\"><\/div><\/div><div class=\"slideshow_view\">\r\n\t\t\t\t<div class=\"slideshow_slide slideshow_slide_image\">\r\n\t\t\t\t\t\t\t\t\t\t\t<img src=\"https:\/\/www.lyceejeanperrin.fr\/wp-content\/uploads\/2014\/08\/chambre.jpg\" alt=\"Internat - Chambre\" width=\"992\" height=\"744\" \/>\r\n\t\t\t\t\t\t\t\t\t\t<div class=\"slideshow_description_box slideshow_transparent\">\r\n\t\t\t\t\t\t<div class=\"slideshow_title\">Internat - Chambre<\/div>\t\t\t\t\t\t\t\t\t\t\t<\/div>\r\n\t\t\t\t<\/div>\r\n\r\n\t\t\t\t\t\t<div style=\"clear: both;\"><\/div><\/div>\r\n\t\t<\/div>\r\n\r\n\t\t<div class=\"slideshow_controlPanel slideshow_transparent\" style=\"display: none;\"><ul><li class=\"slideshow_togglePlay\" data-play-text=\"Play\" data-pause-text=\"Pause\"><\/li><\/ul><\/div>\r\n\r\n\t\t<div class=\"slideshow_button slideshow_previous slideshow_transparent\" role=\"button\" data-previous-text=\"Pr\u00e9c\u00e9dent\" style=\"display: none;\"><\/div>\r\n\t\t<div class=\"slideshow_button slideshow_next slideshow_transparent\" role=\"button\" data-next-text=\"Suivant\" style=\"display: none;\"><\/div>\r\n\r\n\t\t<div class=\"slideshow_pagination\" style=\"display: none;\" data-go-to-text=\"Go to slide\"><div class=\"slideshow_pagination_center\"><\/div><\/div>\r\n\r\n\t\t<!-- WordPress Slideshow Version 2.3.1 -->\r\n\r\n\t\t\t<\/div>\r\n\r\n\n<p style=\"text-align: center;\"><a title=\"R\u00e8gles de vie \u00e0 l\u2019internat\" href=\"https:\/\/www.lyceejeanperrin.fr\/?page_id=6322\">R\u00e8gles de vie \u00e0 l&rsquo;internat<\/a><\/p>\n<p style=\"text-align: center;\"><a href=\"https:\/\/www.lyceejeanperrin.fr\/wp-content\/uploads\/2014\/08\/Projet-internat-2021.22.docx\" rel=\"\" data-wplink-edit=\"true\">Projet internat 2021.22<\/a><\/p>\n","protected":false},"excerpt":{"rendered":"<p>NOUVEAU : Notre internat vient d&rsquo;\u00eatre labellis\u00e9 INTERNAT D&rsquo;EXCELLENCE dans la th\u00e9matique R\u00c9SIDENCE OLYMPIQUE. Cette labellisation vient souligner le travail r\u00e9alis\u00e9 en mati\u00e8re de partenariats et d&rsquo;accompagnement des \u00e9l\u00e8ves. Notre projet d&rsquo;internat repose sur des valeurs et des objectifs partag\u00e9s\u00a0: entraide, solidarit\u00e9, enrichissement collectif, ouverture au monde et \u00e0 la &#8230;<\/p>\n","protected":false},"author":2,"featured_media":0,"parent":21082,"menu_order":1,"comment_status":"closed","ping_status":"closed","template":"","meta":{"footnotes":""},"class_list":["post-40175","page","type-page","status-publish","hentry","column","threecol"],"_links":{"self":[{"href":"https:\/\/www.lyceejeanperrin.fr\/index.php?rest_route=\/wp\/v2\/pages\/40175","targetHints":{"allow":["GET"]}}],"collection":[{"href":"https:\/\/www.lyceejeanperrin.fr\/index.php?rest_route=\/wp\/v2\/pages"}],"about":[{"href":"https:\/\/www.lyceejeanperrin.fr\/index.php?rest_route=\/wp\/v2\/types\/page"}],"author":[{"embeddable":true,"href":"https:\/\/www.lyceejeanperrin.fr\/index.php?rest_route=\/wp\/v2\/users\/2"}],"replies":[{"embeddable":true,"href":"https:\/\/www.lyceejeanperrin.fr\/index.php?rest_route=%2Fwp%2Fv2%2Fcomments&post=40175"}],"version-history":[{"count":4,"href":"https:\/\/www.lyceejeanperrin.fr\/index.php?rest_route=\/wp\/v2\/pages\/40175\/revisions"}],"predecessor-version":[{"id":90496,"href":"https:\/\/www.lyceejeanperrin.fr\/index.php?rest_route=\/wp\/v2\/pages\/40175\/revisions\/90496"}],"up":[{"embeddable":true,"href":"https:\/\/www.lyceejeanperrin.fr\/index.php?rest_route=\/wp\/v2\/pages\/21082"}],"wp:attachment":[{"href":"https:\/\/www.lyceejeanperrin.fr\/index.php?rest_route=%2Fwp%2Fv2%2Fmedia&parent=40175"}],"curies":[{"name":"wp","href":"https:\/\/api.w.org\/{rel}","templated":true}]}}