{"id":40893,"date":"2014-08-28T06:41:11","date_gmt":"2014-08-28T04:41:11","guid":{"rendered":"http:\/\/www2.lyceejeanperrin.fr\/?page_id=40893"},"modified":"2026-01-19T13:52:33","modified_gmt":"2026-01-19T12:52:33","slug":"terminale-stmg","status":"publish","type":"page","link":"https:\/\/www.lyceejeanperrin.fr\/?page_id=40893","title":{"rendered":"Terminale STMG"},"content":{"rendered":"<p><span style=\"color: #ff0000;\">Plaquette de pr\u00e9sentation Terminale STMG :<\/span> <a href=\"https:\/\/www.lyceejeanperrin.fr\/wp-content\/uploads\/2026\/01\/Presentation-classe-de-Terminale-TECHNOLOGIQUE.pdf\">Cliquez ICI<\/a><\/p>\n<div class=\"entry-content\">\n<p>La classe de Terminale S.T.M.G. est organis\u00e9e comme suit :<\/p>\n<\/div>\n<p>En Terminale STMG les \u00e9l\u00e8ves poursuivent les enseignements abord\u00e9s en 1\u00e8re STMG auxquels s&rsquo;ajoute un enseignement de sp\u00e9cialit\u00e9, choisi en fin de premi\u00e8re. Ces enseignements seront suivis et \u00e9valu\u00e9s au baccalaur\u00e9at.<\/p>\n<p>Les <strong>enseignements communs<\/strong> en Terminale STMG sont les suivants :<\/p>\n<p>PAR SEMAINE\u00a0 :<\/p>\n<ul>\n<li><strong>3h<\/strong> de Math\u00e9matiques<\/li>\n<li><strong>1h30<\/strong> d&rsquo;Histoire-G\u00e9ographie<\/li>\n<li><strong>4h<\/strong> de Langues vivantes (A et B) dont 1 h d&rsquo;ETLV (Enseignement Technologique en Langue Vivante)<\/li>\n<li><strong>2h<\/strong> de Philosophie<\/li>\n<li><strong>2h<\/strong> d\u2019\u00c9ducation Physique et Sportive<\/li>\n<\/ul>\n<p>PAR AN :<\/p>\n<ul>\n<li>18h d\u2019Enseignement Moral et Civique (E.M.C.)<\/li>\n<li>de l\u2019Accompagnement Personnalis\u00e9 suivant les besoins de l\u2019\u00e9l\u00e8ve<\/li>\n<li>de l\u2019Accompagnement au choix de l\u2019orientation<\/li>\n<li>des heures de vie de classe.<\/li>\n<\/ul>\n<p>A cela s&rsquo;ajoutent les <strong>enseignements technologiques<\/strong> :<\/p>\n<ul>\n<li><strong>6h en Droit et \u00c9conomie<\/strong><\/li>\n<li><strong>10h de Management, Sciences de Gestion et num\u00e9rique <\/strong>dans lequel est<strong> inclus un enseignement de sp\u00e9cialit\u00e9<\/strong> \u00e0 choisir parmi :\n<ul>\n<li><em>Gestion et Finance<\/em><\/li>\n<li><em>Mercatique (marketing) <\/em><\/li>\n<li><em>Ressources humaines et communication<\/em><\/li>\n<\/ul>\n<\/li>\n<\/ul>\n<p><span style=\"font-size: 8pt;\">A NOTER : Le lyc\u00e9e Jean Perrin ne propose pas la sp\u00e9cialit\u00e9 Syst\u00e8mes d&rsquo;Information de Gestion<\/span><\/p>\n<p><strong>Le Lyc\u00e9e Jean Perrin propose les langues vivantes :<\/strong><\/p>\n<p><strong>Anglais et Allemand (LVA-LVB) \u2013 Espagnol (LVB)<\/strong><\/p>\n","protected":false},"excerpt":{"rendered":"<p>Plaquette de pr\u00e9sentation Terminale STMG : Cliquez ICI La classe de Terminale S.T.M.G. est organis\u00e9e comme suit : En Terminale STMG les \u00e9l\u00e8ves poursuivent les enseignements abord\u00e9s en 1\u00e8re STMG auxquels s&rsquo;ajoute un enseignement de sp\u00e9cialit\u00e9, choisi en fin de premi\u00e8re. Ces enseignements seront suivis et \u00e9valu\u00e9s au baccalaur\u00e9at. Les &#8230;<\/p>\n","protected":false},"author":2,"featured_media":0,"parent":20935,"menu_order":1,"comment_status":"closed","ping_status":"closed","template":"","meta":{"footnotes":""},"class_list":["post-40893","page","type-page","status-publish","hentry","column","threecol"],"_links":{"self":[{"href":"https:\/\/www.lyceejeanperrin.fr\/index.php?rest_route=\/wp\/v2\/pages\/40893","targetHints":{"allow":["GET"]}}],"collection":[{"href":"https:\/\/www.lyceejeanperrin.fr\/index.php?rest_route=\/wp\/v2\/pages"}],"about":[{"href":"https:\/\/www.lyceejeanperrin.fr\/index.php?rest_route=\/wp\/v2\/types\/page"}],"author":[{"embeddable":true,"href":"https:\/\/www.lyceejeanperrin.fr\/index.php?rest_route=\/wp\/v2\/users\/2"}],"replies":[{"embeddable":true,"href":"https:\/\/www.lyceejeanperrin.fr\/index.php?rest_route=%2Fwp%2Fv2%2Fcomments&post=40893"}],"version-history":[{"count":1,"href":"https:\/\/www.lyceejeanperrin.fr\/index.php?rest_route=\/wp\/v2\/pages\/40893\/revisions"}],"predecessor-version":[{"id":91394,"href":"https:\/\/www.lyceejeanperrin.fr\/index.php?rest_route=\/wp\/v2\/pages\/40893\/revisions\/91394"}],"up":[{"embeddable":true,"href":"https:\/\/www.lyceejeanperrin.fr\/index.php?rest_route=\/wp\/v2\/pages\/20935"}],"wp:attachment":[{"href":"https:\/\/www.lyceejeanperrin.fr\/index.php?rest_route=%2Fwp%2Fv2%2Fmedia&parent=40893"}],"curies":[{"name":"wp","href":"https:\/\/api.w.org\/{rel}","templated":true}]}}