{"id":6322,"date":"2014-06-03T15:53:46","date_gmt":"2014-06-03T13:53:46","guid":{"rendered":"http:\/\/www2.lyceejeanperrin.fr\/?page_id=6322"},"modified":"2024-05-24T14:27:03","modified_gmt":"2024-05-24T12:27:03","slug":"regles-de-vie-a-linternat","status":"publish","type":"page","link":"https:\/\/www.lyceejeanperrin.fr\/?page_id=6322","title":{"rendered":"R\u00e8gles de vie \u00e0 l&rsquo;internat"},"content":{"rendered":"<h3 style=\"text-align: center;\"><span style=\"font-family: verdana, geneva; font-size: 14pt;\">Pr\u00e9ambule<\/span><\/h3>\n<p><span style=\"font-family: verdana, geneva; font-size: medium;\">Le\u00a0<\/span><span style=\"font-family: verdana, geneva;\"><span style=\"font-size: 15.555556297302246px;\">r\u00e8glement<\/span><\/span><span style=\"font-family: verdana, geneva; font-size: medium;\">\u00a0int\u00e9rieur de l&rsquo;\u00e9tablissement s&rsquo;applique \u00e0 l&rsquo;internat. N\u00e9anmoins l&rsquo;internat poss\u00e8de des r\u00e8gles de vie quotidienne et des dispositions sp\u00e9cifiques relatives \u00e0 l&rsquo;h\u00e9bergement\u00a0des \u00e9l\u00e8ves du Lyc\u00e9e. Ces r\u00e8gles visent \u00e0 mettre en place et \u00e0 faire respecter les meilleures conditions de vie et de travail pour chaque interne, tout en permettant l&rsquo;exercice par tous des libert\u00e9s fondamentales. Cela implique le respect de toutes les r\u00e8gles essentielles \u00e0 la s\u00e9curit\u00e9 des personnes et des biens, ainsi qu&rsquo;un esprit de tol\u00e9rance, de solidarit\u00e9 et de discipline librement accept\u00e9e par chaque \u00e9l\u00e8ve.<\/span><\/p>\n<p><span style=\"font-family: verdana, geneva; font-size: medium;\">L&rsquo;inscription \u00e0 l&rsquo;internat n&rsquo;est pas une obligation mais un service qui offre aux\u00a0<\/span><span style=\"font-family: verdana, geneva;\"><span style=\"font-size: 15.555556297302246px;\">\u00e9l\u00e8ves<\/span><\/span><span style=\"font-family: verdana, geneva; font-size: medium;\">\u00a0les conditions\u00a0mat\u00e9rielles\u00a0pour les mener \u00e0 la\u00a0r\u00e9ussite. En cons\u00e9quence, elle\u00a0applique\u00a0l\u2019adh\u00e9sion\u00a0pleine et enti\u00e8re \u00e0 ces r\u00e8gles et engagement \u00e0 les respecter.<\/span><\/p>\n<p><span style=\"font-family: verdana, geneva; font-size: medium;\">Tout manquement grave et\/ou\u00a0r\u00e9it\u00e9r\u00e9\u00a0aux dispositions des r\u00e8gles de vie \u00e0 l&rsquo;internat, entra\u00eenera la mise en \u0153uvre d&rsquo;une\u00a0<\/span><span style=\"font-family: verdana, geneva;\"><span style=\"font-size: 15.555556297302246px;\">proc\u00e9dure<\/span><\/span><span style=\"font-family: verdana, geneva; font-size: medium;\">\u00a0disciplinaire pouvant aller jusqu&rsquo;\u00e0 l&rsquo;exclusion\u00a0d\u00e9finitive\u00a0de l&rsquo;internat.<\/span><em style=\"font-family: verdana, geneva; font-size: 12pt;\">(\u00ab\u00a0Pr\u00e9ambule aux r\u00e8gles de vie \u00e0 l&rsquo;internat\u00a0\u00bb)<\/em><span style=\"font-family: verdana, geneva; font-size: medium;\">.<\/span><\/p>\n<p style=\"text-align: center;\"><span style=\"font-family: verdana, geneva; font-size: 12pt;\"><a href=\"https:\/\/www.lyceejeanperrin.fr\/wp-content\/uploads\/2024\/05\/REGLES-DE-VIE-A-LINTERNAT.pdf\">Vie \u00e0 l&rsquo;internat<\/a><\/span><\/p>\n","protected":false},"excerpt":{"rendered":"<p>Pr\u00e9ambule Le\u00a0r\u00e8glement\u00a0int\u00e9rieur de l&rsquo;\u00e9tablissement s&rsquo;applique \u00e0 l&rsquo;internat. N\u00e9anmoins l&rsquo;internat poss\u00e8de des r\u00e8gles de vie quotidienne et des dispositions sp\u00e9cifiques relatives \u00e0 l&rsquo;h\u00e9bergement\u00a0des \u00e9l\u00e8ves du Lyc\u00e9e. Ces r\u00e8gles visent \u00e0 mettre en place et \u00e0 faire respecter les meilleures conditions de vie et de travail pour chaque interne, tout en permettant &#8230;<\/p>\n","protected":false},"author":2,"featured_media":0,"parent":25393,"menu_order":9,"comment_status":"closed","ping_status":"closed","template":"","meta":{"footnotes":""},"class_list":["post-6322","page","type-page","status-publish","hentry","column","threecol"],"_links":{"self":[{"href":"https:\/\/www.lyceejeanperrin.fr\/index.php?rest_route=\/wp\/v2\/pages\/6322","targetHints":{"allow":["GET"]}}],"collection":[{"href":"https:\/\/www.lyceejeanperrin.fr\/index.php?rest_route=\/wp\/v2\/pages"}],"about":[{"href":"https:\/\/www.lyceejeanperrin.fr\/index.php?rest_route=\/wp\/v2\/types\/page"}],"author":[{"embeddable":true,"href":"https:\/\/www.lyceejeanperrin.fr\/index.php?rest_route=\/wp\/v2\/users\/2"}],"replies":[{"embeddable":true,"href":"https:\/\/www.lyceejeanperrin.fr\/index.php?rest_route=%2Fwp%2Fv2%2Fcomments&post=6322"}],"version-history":[{"count":2,"href":"https:\/\/www.lyceejeanperrin.fr\/index.php?rest_route=\/wp\/v2\/pages\/6322\/revisions"}],"predecessor-version":[{"id":90810,"href":"https:\/\/www.lyceejeanperrin.fr\/index.php?rest_route=\/wp\/v2\/pages\/6322\/revisions\/90810"}],"up":[{"embeddable":true,"href":"https:\/\/www.lyceejeanperrin.fr\/index.php?rest_route=\/wp\/v2\/pages\/25393"}],"wp:attachment":[{"href":"https:\/\/www.lyceejeanperrin.fr\/index.php?rest_route=%2Fwp%2Fv2%2Fmedia&parent=6322"}],"curies":[{"name":"wp","href":"https:\/\/api.w.org\/{rel}","templated":true}]}}

Règles de vie à l&rsquo;internat

<h3 style="text-align: center;"><span style="font-family: verdana, geneva; font-size: 14pt;">Préambule</span></h3>
<p><span style="font-family: verdana, geneva; font-size: medium;">Le </span><span style="font-family: verdana, geneva;"><span style="font-size: 15.555556297302246px;">règlement</span></span><span style="font-family: verdana, geneva; font-size: medium;"> intérieur de l&rsquo;établissement s&rsquo;applique à l&rsquo;internat. Néanmoins l&rsquo;internat possède des règles de vie quotidienne et des dispositions spécifiques relatives à l&rsquo;hébergement des élèves du Lycée. Ces règles visent à mettre en place et à faire respecter les meilleures conditions de vie et de travail pour chaque interne, tout en permettant l&rsquo;exercice par tous des libertés fondamentales. Cela implique le respect de toutes les règles essentielles à la sécurité des personnes et des biens, ainsi qu&rsquo;un esprit de tolérance, de solidarité et de discipline librement acceptée par chaque élève.</span></p>
<p><span style="font-family: verdana, geneva; font-size: medium;">L&rsquo;inscription à l&rsquo;internat n&rsquo;est pas une obligation mais un service qui offre aux </span><span style="font-family: verdana, geneva;"><span style="font-size: 15.555556297302246px;">élèves</span></span><span style="font-family: verdana, geneva; font-size: medium;"> les conditions matérielles pour les mener à la réussite. En conséquence, elle applique l’adhésion pleine et entière à ces règles et engagement à les respecter.</span></p>
<p><span style="font-family: verdana, geneva; font-size: medium;">Tout manquement grave et/ou réitéré aux dispositions des règles de vie à l&rsquo;internat, entraînera la mise en œuvre d&rsquo;une </span><span style="font-family: verdana, geneva;"><span style="font-size: 15.555556297302246px;">procédure</span></span><span style="font-family: verdana, geneva; font-size: medium;"> disciplinaire pouvant aller jusqu&rsquo;à l&rsquo;exclusion définitive de l&rsquo;internat.</span><em style="font-family: verdana, geneva; font-size: 12pt;">(« Préambule aux règles de vie à l&rsquo;internat »)</em><span style="font-family: verdana, geneva; font-size: medium;">.</span></p>
<p style="text-align: center;"><span style="font-family: verdana, geneva; font-size: 12pt;"><a href="https://www.lyceejeanperrin.fr/wp-content/uploads/2024/05/REGLES-DE-VIE-A-LINTERNAT.pdf">Vie à l&rsquo;internat</a></span></p>

<p>Préambule Le règlement intérieur de l&rsquo;établissement s&rsquo;applique à l&rsquo;internat. Néanmoins l&rsquo;internat possède des règles de vie quotidienne et des dispositions spécifiques relatives à l&rsquo;hébergement des élèves du Lycée. Ces règles visent à mettre en place et à faire respecter les meilleures conditions de vie et de travail pour chaque interne, tout en permettant &#8230;</p>
