{"id":87190,"date":"2016-11-07T12:45:47","date_gmt":"2016-11-07T11:45:47","guid":{"rendered":"https:\/\/www.lyceejeanperrin.fr\/?page_id=87190"},"modified":"2025-09-11T11:41:50","modified_gmt":"2025-09-11T09:41:50","slug":"acceder-a-lent","status":"publish","type":"page","link":"https:\/\/www.lyceejeanperrin.fr\/?page_id=87190","title":{"rendered":"Acc\u00e9der \u00e0 l&rsquo;ENT et \u00e0 PRONOTE"},"content":{"rendered":"<p><strong>Qu&rsquo;est-ce que l&rsquo;ENT\u00a0 ? :<\/strong><\/p>\n<ul>\n<li><strong>l\u2019E.N.T<\/strong>.(Environnement Num\u00e9rique de Travail) <strong>NEO<\/strong>, disponible \u00e0 l\u2019adresse suivante : <a href=\"https:\/\/enthdf.fr\/\" target=\"_blank\" rel=\"noopener\">https:\/\/enthdf.fr.<\/a><br \/>C\u2019est une porte d\u2019entr\u00e9e vers l\u2019ensemble des services n\u00e9cessaires pour suivre la scolarit\u00e9 de votre enfant, un espace num\u00e9rique de travail\u00a0 et en particulier PRONOTE (qui regroupe son cahier de textes, ses r\u00e9sultats et vous permet de faire la saisie des voeux pour la rencontre parents professeurs). Cet ENT n\u2019est accessible qu\u2019aux utilisateurs du Lyc\u00e9e (\u00e9l\u00e8ves, parents, professeurs, personnels administratifs, etc.) et n\u00e9cessite donc un nom d\u2019utilisateur et un code EDUCONNECT.<\/li>\n<\/ul>\n<ul>\n<li>Si vous \u00eates un nouvel utilisateur votre identifiant personnel et votre code vous sont envoy\u00e9s par mail en d\u00e9but d&rsquo;ann\u00e9e, si ce n&rsquo;est pas le cas, ils le seront sur demande de votre part \u00e0 notre secr\u00e9tariat.<\/li>\n<\/ul>\n<ul>\n<li><span style=\"color: #ff0000;\">Si vous venez d&rsquo;un \u00e9tablissement public votre compte EDUCONNECT reste le m\u00eame.<\/span><\/li>\n<\/ul>\n<p><b>NB : chaque code est individuel et personnel,<span style=\"color: #0000ff;\"> il ne peut ni ne doit \u00eatre confi\u00e9 \u00e0 quelqu\u2019un d\u2019autre <\/span>car parents et enfants n\u2019ont pas acc\u00e8s aux m\u00eames services.\u00a0<\/b><\/p>\n<p><strong>En outre\u00a0la saisie des <span style=\"text-decoration: underline;\">v\u0153ux pour les rencontres parents-professeurs<\/span> se fait par PRONOTE. Il convient donc de s&rsquo;assurer d\u00e8s le d\u00e9but de l&rsquo;ann\u00e9e que les\u00a0acc\u00e8s parents (identifiants et mots de passe ) sont actifs.<\/strong><\/p>\n<p><span style=\"text-decoration: underline;\">Pour information<\/span> : d\u00e8s les premi\u00e8res semaines, tout nouvel \u00e9l\u00e8ve du Lyc\u00e9e re\u00e7oit une formation au r\u00e9seau informatique, cette formation est obligatoire pour lui permettre d\u2019obtenir ses codes personnels pour acc\u00e9der \u00e0 l\u2019E.N.T , et \u00e0 son \u201cDossier Travail\u201d sur le r\u00e9seau p\u00e9dagogique s&rsquo;il ne les a pas d\u00e9j\u00e0, et vise \u00e0 lui pr\u00e9senter les outils num\u00e9riques avec lesquels il sera amen\u00e9 \u00e0 travailler durant ses 3 ann\u00e9es de lyc\u00e9e..<\/p>\n<p><span style=\"color: #99cc00; font-size: 18pt;\"><strong><span style=\"text-decoration: underline;\">Un peu d&rsquo;aide\u00a0pour N\u00e9o\u00a0<\/span><\/strong><\/span>:<\/p>\n<p>Pour se familiariser avec l&rsquo;ENT NEO c&rsquo;est sur <a href=\"https:\/\/www.ac-lille.fr\/daipressources\/ENT\/familles\/ENT-HdF_Guide-d%C3%A9marrage-Premiers-pas-parents-2D_Acad%C3%A9mie-LILLE.pdf\">cette page\u00a0<\/a><\/p>\n<p>Une fois sur l&rsquo;ENT NEO vous trouverez l&rsquo;ic\u00f4ne PRONOTE\u00a0\u00a0<em>(il n&rsquo;est pas n\u00e9cessaire d&rsquo;avoir de code, celui de l&rsquo;ENT suffit \u00e0 ouvrir l&rsquo;acc\u00e8s pronote)<\/em><\/p>\n<p><span style=\"font-size: 18pt;\"><strong><span style=\"text-decoration: underline;\">Un peu d&rsquo;aide\u00a0pour\u00a0PRONOTE<\/span> : <\/strong><span style=\"font-size: 12pt;\">(cliquez sur les hyperliens)<\/span><\/span><\/p>\n<ul>\n<li>configurer PRONOTE sur son <a href=\"https:\/\/www.index-education.com\/fr\/pronote-info191-demo-des-espaces-web-et-mobile.php\">t\u00e9l\u00e9phone\u00a0<\/a><\/li>\n<li><a href=\"https:\/\/www.index-education.com\/fr\/tutoriels-video-pronote-685-46-voir-le-travail-a-faire-espace-eleves-et-parents.php\">voir le travail \u00e0 faire<\/a><\/li>\n<li><a href=\"https:\/\/www.index-education.com\/fr\/tutoriels-video-pronote-1778-95-recuperer-des-documents-espace-eleves.php\">r\u00e9cup\u00e9rer un document<\/a><\/li>\n<li><a href=\"https:\/\/www.index-education.com\/fr\/tutoriels-video-pronote-684-49-consulter-les-notes-et-les-evaluations-espace-eleves-et-parents.php\">Consulter les notes et \u00e9valuations<\/a><\/li>\n<\/ul>\n<p><span style=\"text-decoration: underline;\"><strong>Si<\/strong><\/span> un professeur vous demande de passer par pronote pour rendre vos travaux<\/p>\n<ul>\n<li><a href=\"https:\/\/www.index-education.com\/fr\/tutoriels-video-pronote-1777-46-rendre-un-travail-sur-l-espace-eleves-espace-eleves.php\">rendre un travail <\/a>sur l&rsquo;Espace \u00e9l\u00e8ve<\/li>\n<li><a href=\"https:\/\/www.index-education.com\/fr\/tutoriels-video-pronote-1820-46-recuperer-sa-copie-corrigee-espace-eleves.php\">r\u00e9cup\u00e9rer son travail\u00a0<\/a><\/li>\n<li><a href=\"https:\/\/www.index-education.com\/fr\/tutoriels-video-pronote-1786-46-envoyer-une-photo-de-mon-travail-depuis-l-application-pronote-espace-eleves.php\">envoyer une photo de son travail<\/a><\/li>\n<\/ul>\n<p><span style=\"font-size: 12pt;\"><strong>d&rsquo;une mani\u00e8re g\u00e9n\u00e9rale, n&rsquo;h\u00e9sitez pas \u00e0 utiliser l&rsquo;onglet \u00ab\u00a0assistance\u00a0\u00bb sur PRONOTE<\/strong><\/span><\/p>\n<p>Une page g\u00e9n\u00e9ralisant les <a href=\"https:\/\/www.index-education.com\/fr\/pronote-parents-eleves.php\">aides<\/a> sur Index \u00e9ducation<\/p>\n<p><a href=\"https:\/\/www.lyceejeanperrin.fr\/wp-content\/uploads\/2025\/09\/RENTREE_TICE.pdf\">https:\/\/www.lyceejeanperrin.fr\/wp-content\/uploads\/2025\/09\/RENTREE_TICE.pdf<\/a><\/p>\n\n\n<p><\/p>\n","protected":false},"excerpt":{"rendered":"<p>Qu&rsquo;est-ce que l&rsquo;ENT\u00a0 ? : l\u2019E.N.T.(Environnement Num\u00e9rique de Travail) NEO, disponible \u00e0 l\u2019adresse suivante : https:\/\/enthdf.fr.C\u2019est une porte d\u2019entr\u00e9e vers l\u2019ensemble des services n\u00e9cessaires pour suivre la scolarit\u00e9 de votre enfant, un espace num\u00e9rique de travail\u00a0 et en particulier PRONOTE (qui regroupe son cahier de textes, ses r\u00e9sultats et vous &#8230;<\/p>\n","protected":false},"author":2,"featured_media":0,"parent":87633,"menu_order":0,"comment_status":"closed","ping_status":"closed","template":"","meta":{"footnotes":""},"class_list":["post-87190","page","type-page","status-publish","hentry","column","threecol"],"_links":{"self":[{"href":"https:\/\/www.lyceejeanperrin.fr\/index.php?rest_route=\/wp\/v2\/pages\/87190","targetHints":{"allow":["GET"]}}],"collection":[{"href":"https:\/\/www.lyceejeanperrin.fr\/index.php?rest_route=\/wp\/v2\/pages"}],"about":[{"href":"https:\/\/www.lyceejeanperrin.fr\/index.php?rest_route=\/wp\/v2\/types\/page"}],"author":[{"embeddable":true,"href":"https:\/\/www.lyceejeanperrin.fr\/index.php?rest_route=\/wp\/v2\/users\/2"}],"replies":[{"embeddable":true,"href":"https:\/\/www.lyceejeanperrin.fr\/index.php?rest_route=%2Fwp%2Fv2%2Fcomments&post=87190"}],"version-history":[{"count":13,"href":"https:\/\/www.lyceejeanperrin.fr\/index.php?rest_route=\/wp\/v2\/pages\/87190\/revisions"}],"predecessor-version":[{"id":91205,"href":"https:\/\/www.lyceejeanperrin.fr\/index.php?rest_route=\/wp\/v2\/pages\/87190\/revisions\/91205"}],"up":[{"embeddable":true,"href":"https:\/\/www.lyceejeanperrin.fr\/index.php?rest_route=\/wp\/v2\/pages\/87633"}],"wp:attachment":[{"href":"https:\/\/www.lyceejeanperrin.fr\/index.php?rest_route=%2Fwp%2Fv2%2Fmedia&parent=87190"}],"curies":[{"name":"wp","href":"https:\/\/api.w.org\/{rel}","templated":true}]}}