{"id":88441,"date":"2019-01-23T11:08:50","date_gmt":"2019-01-23T10:08:50","guid":{"rendered":"https:\/\/www.lyceejeanperrin.fr\/?page_id=88441"},"modified":"2026-01-19T10:58:48","modified_gmt":"2026-01-19T09:58:48","slug":"premiere-generale-2","status":"publish","type":"page","link":"https:\/\/www.lyceejeanperrin.fr\/?page_id=88441","title":{"rendered":"Premi\u00e8re G\u00e9n\u00e9rale"},"content":{"rendered":"<p><span style=\"color: #ff0000;\">Plaquette de pr\u00e9sentation 1\u00e8re G\u00e9n\u00e9rale : <a href=\"https:\/\/www.lyceejeanperrin.fr\/wp-content\/uploads\/2026\/01\/Presentation-classe-de-1ere-GENERALE.pdf\">Cliquez ICI<\/a><\/span><\/p>\n<p>La classe de premi\u00e8re g\u00e9n\u00e9rale est organis\u00e9e comme suit :<\/p>\n<ul>\n<li>des enseignements communs :\n<ul>\n<li>PAR SEMAINE : <strong>4h<\/strong> de Fran\u00e7ais \u2013 <strong>3h<\/strong> d\u2019Histoire g\u00e9ographie \u2013 <strong>4h30<\/strong> de Langues Vivantes (A et B) \u2013 <strong>2h<\/strong> d\u2019\u00c9ducation Physique et Sportive (E.P.S.) \u2013 <strong>2h<\/strong> d&rsquo;Enseignement scientifique &#8211; <strong>1h30<\/strong> de math\u00e9matiques (pour les \u00e9l\u00e8ves ne suivant pas cette sp\u00e9cialit\u00e9)<\/li>\n<li>PAR AN : 18h d\u2019Enseignement Moral et Civique (E.M.C.) \u2013 de l\u2019Accompagnement Personnalis\u00e9 suivant les besoins de l\u2019\u00e9l\u00e8ve \u2013 de l\u2019Accompagnement au choix de l\u2019orientation et des heures de vie de classe.<\/li>\n<\/ul>\n<\/li>\n<li>3 enseignements de sp\u00e9cialit\u00e9s \u00e0 choisir parmi les suivants :\n<ul>\n<li><strong>4h<\/strong> d&rsquo;Histoire-G\u00e9ographie, g\u00e9opolitique et sciences politiques <strong>HGGSP<\/strong><\/li>\n<li><strong>4h<\/strong> d&rsquo;Humanit\u00e9s, litt\u00e9rature et philosophie <strong>HLP<\/strong><\/li>\n<li><strong>4h<\/strong> de Langues, litt\u00e9rature et cultures \u00e9trang\u00e8res ANGLAIS Litt\u00e9rature <strong>LLCE Anglais<\/strong><\/li>\n<li><strong>4h<\/strong> de Langues, litt\u00e9rature et cultures \u00e9trang\u00e8res ANGLAIS Monde Contemporain <strong>AMC<\/strong><\/li>\n<li><strong>4h<\/strong> de Math\u00e9matiques<\/li>\n<li><strong>4h<\/strong> de Num\u00e9rique et sciences informatiques <strong>NSI<\/strong><\/li>\n<li><strong>4h<\/strong> de Physique-Chimie<\/li>\n<li><strong>4h<\/strong> de Sciences de la Vie et de la Terre <strong>SVT<\/strong><\/li>\n<li><strong>4h<\/strong> de Sciences \u00c9conomiques et Sociales <strong>SES<\/strong><\/li>\n<\/ul>\n<\/li>\n<\/ul>\n<p>Contenu des sp\u00e9cialit\u00e9s et liens possibles avec les poursuites d&rsquo;\u00e9tude sur :\u00a0\u00a0\u00a0\u00a0\u00a0<a href=\"https:\/\/www.onisep.fr\/horizons21\"> http:\/\/www.horizons2021.fr\/<\/a><\/p>\n<ul>\n<li>la section europ\u00e9enne anglais est propos\u00e9e au Lyc\u00e9e Jean Perrin : 1h d\u2019anglais renforc\u00e9 et 1h de D.N.L. (Discipline Non Linguistique enseign\u00e9e en anglais) en Histoire-G\u00e9ographie par semaine.<\/li>\n<li>la section europ\u00e9enne allemand est \u00e9galement propos\u00e9e au Lyc\u00e9e Jean Perrin : 1h d\u2019allemand renforc\u00e9 et 1h de D.N.L. (Discipline Non Linguistique enseign\u00e9e en allemand) en math\u00e9matiques par semaine.<\/li>\n<li>des enseignements optionnels (d\u00e9j\u00e0 suivis en 2nde) sont \u00e9galement propos\u00e9s :\n<ul>\n<li>1 enseignement optionnel au choix parmi :\n<ul>\n<li>3h\/semaine de Latin<\/li>\n<li>3h\/semaine de Grec<\/li>\n<li>3h\/semaine de Russe<\/li>\n<li>3h\/semaine de Musique<\/li>\n<li>3h\/semaine d&rsquo;E.P.S.<\/li>\n<\/ul>\n<\/li>\n<\/ul>\n<\/li>\n<\/ul>\n<p><strong>N.B. : Le Lyc\u00e9e Jean Perrin propose les langues vivantes :<\/strong><\/p>\n<p><strong>Anglais et Allemand (LVA-LVB) \u2013 Espagnol (LVB) \u2013 Russe (LV3)<\/strong><\/p>\n","protected":false},"excerpt":{"rendered":"<p>Plaquette de pr\u00e9sentation 1\u00e8re G\u00e9n\u00e9rale : Cliquez ICI La classe de premi\u00e8re g\u00e9n\u00e9rale est organis\u00e9e comme suit : des enseignements communs : PAR SEMAINE : 4h de Fran\u00e7ais \u2013 3h d\u2019Histoire g\u00e9ographie \u2013 4h30 de Langues Vivantes (A et B) \u2013 2h d\u2019\u00c9ducation Physique et Sportive (E.P.S.) \u2013 2h d&rsquo;Enseignement &#8230;<\/p>\n","protected":false},"author":3,"featured_media":0,"parent":19135,"menu_order":0,"comment_status":"closed","ping_status":"closed","template":"","meta":{"footnotes":""},"class_list":["post-88441","page","type-page","status-publish","hentry","column","threecol"],"_links":{"self":[{"href":"https:\/\/www.lyceejeanperrin.fr\/index.php?rest_route=\/wp\/v2\/pages\/88441","targetHints":{"allow":["GET"]}}],"collection":[{"href":"https:\/\/www.lyceejeanperrin.fr\/index.php?rest_route=\/wp\/v2\/pages"}],"about":[{"href":"https:\/\/www.lyceejeanperrin.fr\/index.php?rest_route=\/wp\/v2\/types\/page"}],"author":[{"embeddable":true,"href":"https:\/\/www.lyceejeanperrin.fr\/index.php?rest_route=\/wp\/v2\/users\/3"}],"replies":[{"embeddable":true,"href":"https:\/\/www.lyceejeanperrin.fr\/index.php?rest_route=%2Fwp%2Fv2%2Fcomments&post=88441"}],"version-history":[{"count":5,"href":"https:\/\/www.lyceejeanperrin.fr\/index.php?rest_route=\/wp\/v2\/pages\/88441\/revisions"}],"predecessor-version":[{"id":91382,"href":"https:\/\/www.lyceejeanperrin.fr\/index.php?rest_route=\/wp\/v2\/pages\/88441\/revisions\/91382"}],"up":[{"embeddable":true,"href":"https:\/\/www.lyceejeanperrin.fr\/index.php?rest_route=\/wp\/v2\/pages\/19135"}],"wp:attachment":[{"href":"https:\/\/www.lyceejeanperrin.fr\/index.php?rest_route=%2Fwp%2Fv2%2Fmedia&parent=88441"}],"curies":[{"name":"wp","href":"https:\/\/api.w.org\/{rel}","templated":true}]}}

Première Générale

<p><span style="color: #ff0000;">Plaquette de présentation 1ère Générale : <a href="https://www.lyceejeanperrin.fr/wp-content/uploads/2026/01/Presentation-classe-de-1ere-GENERALE.pdf">Cliquez ICI</a></span></p>
<p>La classe de première générale est organisée comme suit :</p>
<ul>
<li>des enseignements communs :
<ul>
<li>PAR SEMAINE : <strong>4h</strong> de Français – <strong>3h</strong> d’Histoire géographie – <strong>4h30</strong> de Langues Vivantes (A et B) – <strong>2h</strong> d’Éducation Physique et Sportive (E.P.S.) – <strong>2h</strong> d&rsquo;Enseignement scientifique &#8211; <strong>1h30</strong> de mathématiques (pour les élèves ne suivant pas cette spécialité)</li>
<li>PAR AN : 18h d’Enseignement Moral et Civique (E.M.C.) – de l’Accompagnement Personnalisé suivant les besoins de l’élève – de l’Accompagnement au choix de l’orientation et des heures de vie de classe.</li>
</ul>
</li>
<li>3 enseignements de spécialités à choisir parmi les suivants :
<ul>
<li><strong>4h</strong> d&rsquo;Histoire-Géographie, géopolitique et sciences politiques <strong>HGGSP</strong></li>
<li><strong>4h</strong> d&rsquo;Humanités, littérature et philosophie <strong>HLP</strong></li>
<li><strong>4h</strong> de Langues, littérature et cultures étrangères ANGLAIS Littérature <strong>LLCE Anglais</strong></li>
<li><strong>4h</strong> de Langues, littérature et cultures étrangères ANGLAIS Monde Contemporain <strong>AMC</strong></li>
<li><strong>4h</strong> de Mathématiques</li>
<li><strong>4h</strong> de Numérique et sciences informatiques <strong>NSI</strong></li>
<li><strong>4h</strong> de Physique-Chimie</li>
<li><strong>4h</strong> de Sciences de la Vie et de la Terre <strong>SVT</strong></li>
<li><strong>4h</strong> de Sciences Économiques et Sociales <strong>SES</strong></li>
</ul>
</li>
</ul>
<p>Contenu des spécialités et liens possibles avec les poursuites d&rsquo;étude sur :     <a href="https://www.onisep.fr/horizons21"> http://www.horizons2021.fr/</a></p>
<ul>
<li>la section européenne anglais est proposée au Lycée Jean Perrin : 1h d’anglais renforcé et 1h de D.N.L. (Discipline Non Linguistique enseignée en anglais) en Histoire-Géographie par semaine.</li>
<li>la section européenne allemand est également proposée au Lycée Jean Perrin : 1h d’allemand renforcé et 1h de D.N.L. (Discipline Non Linguistique enseignée en allemand) en mathématiques par semaine.</li>
<li>des enseignements optionnels (déjà suivis en 2nde) sont également proposés :
<ul>
<li>1 enseignement optionnel au choix parmi :
<ul>
<li>3h/semaine de Latin</li>
<li>3h/semaine de Grec</li>
<li>3h/semaine de Russe</li>
<li>3h/semaine de Musique</li>
<li>3h/semaine d&rsquo;E.P.S.</li>
</ul>
</li>
</ul>
</li>
</ul>
<p><strong>N.B. : Le Lycée Jean Perrin propose les langues vivantes :</strong></p>
<p><strong>Anglais et Allemand (LVA-LVB) – Espagnol (LVB) – Russe (LV3)</strong></p>

<p>Plaquette de présentation 1ère Générale : Cliquez ICI La classe de première générale est organisée comme suit : des enseignements communs : PAR SEMAINE : 4h de Français – 3h d’Histoire géographie – 4h30 de Langues Vivantes (A et B) – 2h d’Éducation Physique et Sportive (E.P.S.) – 2h d&rsquo;Enseignement &#8230;</p>
