{"id":88843,"date":"2022-06-27T14:00:00","date_gmt":"2022-06-27T12:00:00","guid":{"rendered":"https:\/\/www.lyceejeanperrin.fr\/?page_id=88843"},"modified":"2025-05-16T14:20:25","modified_gmt":"2025-05-16T12:20:25","slug":"dossier-dinscription-en-terminale","status":"publish","type":"page","link":"https:\/\/www.lyceejeanperrin.fr\/?page_id=88843","title":{"rendered":"DOSSIER D\u2019INSCRIPTION TERMINALE"},"content":{"rendered":"<ul>\n<li><span style=\"color: #0000ff;\"><strong>ATTENTION<\/strong> SI VOTRE ENFANT N\u2019EST PAS AFFECT\u00c9 AU LYC\u00c9E JEAN PERRIN PAR MONSIEUR L\u2019INSPECTEUR D\u2019ACAD\u00c9MIE LORS DE LA COMMISSION D&rsquo;AFFECTATION DE JUILLET, ALORS SON INSCRIPTION NE POURRA \u00caTRE ACCEPT\u00c9E.<\/span><\/li>\n<li><span style=\"color: #ff0000;\">LES \u00c9L\u00c8VES DOUBLANTS SONT INVITES A D\u00c9POSER UNE DEMANDE DE R\u00c9INSCRIPTION :<\/span>\n<ul>\n<li>le 4 juillet 2025 si l&rsquo;\u00e9l\u00e8ve a \u00e9chou\u00e9 au 1er groupe du Baccalaur\u00e9at ;<\/li>\n<li>le 9 juillet 2025 si l&rsquo;\u00e9l\u00e8ve a \u00e9chou\u00e9 aux \u00e9preuves du 2nd groupe (oral de contr\u00f4le) du Baccalaur\u00e9at.<\/li>\n<\/ul>\n<\/li>\n<\/ul>\n<p><strong>Votre fils ou votre fille est affect\u00e9(e)e au Lyc\u00e9e et entre en classe de Terminale \u00e0 la rentr\u00e9e 2025<\/strong>.<\/p>\n<div class=\"entry-content\">\n<p>Vous devez \u00e0 pr\u00e9sent finaliser l\u2019inscription au Lyc\u00e9e Jean Perrin en nous remettant le dossier complet accompagn\u00e9 des pi\u00e8ces \u00e0 joindre\u00a0<strong>au plus tard le 10 juillet 2025.<\/strong><\/p>\n<p><span style=\"color: #ff0000;\"><strong>1 \u2013\u00a0PI\u00c8CES DU DOSSIER A T\u00c9L\u00c9CHARGER\u00a0:\u00a0cliquez sur les liens ci-dessous<\/strong><\/span><\/p>\n<ul>\n<li><a href=\"https:\/\/www.lyceejeanperrin.fr\/wp-content\/uploads\/2025\/05\/FICHE-DE-VOEUX-PEDAGOGIQUES-TERMINALE.pdf\">Fiche de v\u0153ux p\u00e9dagogiques \u2013 Terminale<\/a> \u2013\u00a0<strong>A COMPL\u00c9TER, SIGNER, ET A RENDRE AU LYC\u00c9E<\/strong><\/li>\n<li><a href=\"https:\/\/www.lyceejeanperrin.fr\/wp-content\/uploads\/2025\/05\/Fiche-de-renseignements-2025-2026.pdf\">Fiche de renseignements<\/a>\u00a0\u2013\u00a0<strong>A COMPL\u00c9TER, SIGNER, ET A RENDRE AU LYC\u00c9E<\/strong><\/li>\n<li><a href=\"https:\/\/www.lyceejeanperrin.fr\/wp-content\/uploads\/2025\/05\/Fiche-dUrgence-2025.pdf\">Fiche d&rsquo;urgence<\/a> \u2013 <strong>\u00c0 COMPL\u00c9TER, SIGNER, ET \u00c0 RENDRE AU LYC\u00c9E<\/strong><\/li>\n<li><a href=\"https:\/\/www.lyceejeanperrin.fr\/wp-content\/uploads\/2025\/05\/Dossier-Fonds-Social-2025-2026.pdf\">Dossier Fonds Social<\/a> \u2013 <strong>\u00c0 RENDRE COMPL\u00c9T\u00c9, SIGN\u00c9, AVEC LES PI\u00c8CES DEMAND\u00c9ES ou \u00c0 RENDRE BARR\u00c9 DE LA MENTION \u00ab\u00a0N\u00c9ANT\u00a0\u00bb<\/strong><\/li>\n<li><a href=\"https:\/\/www.lyceejeanperrin.fr\/wp-content\/uploads\/2025\/05\/Adhesion-MDL.pdf\">Bulletin d&rsquo;adh\u00e9sion \u00e0 la Maison des Lyc\u00e9ens<\/a> \u2013 <strong>\u00c0 RENDRE COMPL\u00c9T\u00c9, SIGN\u00c9, AVEC LE REGLEMENT<\/strong><\/li>\n<li><a href=\"https:\/\/www.lyceejeanperrin.fr\/wp-content\/uploads\/2025\/05\/Dossier-dinscription-MODE-DEMPLOI-Nouveaux-eleves.pdf\">Mode d&#8217;emploi du dossier d&rsquo;inscription<\/a> &#8211; <strong>\u00c0 CONSERVER PAR LA FAMILLE<\/strong><\/li>\n<li><a href=\"https:\/\/www.lyceejeanperrin.fr\/wp-content\/uploads\/2025\/05\/FICHE-INFO-BOURSES-2025-2026-1.pdf\">Information sur les Bourses<\/a> \u00a0\u2013 <strong>\u00c0 LIRE ATTENTIVEMENT<\/strong><\/li>\n<li><a href=\"https:\/\/www.lyceejeanperrin.fr\/wp-content\/uploads\/2025\/05\/FICHE-INFO-FONDS-SOCIAUX-2025.pdf\">Information sur le Fonds Social<\/a>\u00a0\u2013 <strong>\u00c0 LIRE ATTENTIVEMENT<\/strong><\/li>\n<li><a href=\"https:\/\/www.lyceejeanperrin.fr\/wp-content\/uploads\/2025\/05\/FICHE-INFO-LA-RESTAURATION-SCOLAIRE-2025.pdf\">Information sur la Restauration Scolaire<\/a>\u00a0\u2013 <strong>\u00c0 LIRE ATTENTIVEMENT<\/strong><\/li>\n<\/ul>\n<p><strong><span style=\"color: #ff0000;\">Le dossier d&rsquo;inscription pour \u00eatre complet doit comprendre :<\/span><\/strong><\/p>\n<ul>\n<li>la <strong>fiche de v\u0153ux p\u00e9dagogiques<\/strong> &#8211; Terminale compl\u00e9t\u00e9e et sign\u00e9e<\/li>\n<li>la <strong>fiche de renseignements<\/strong> (pour les services administratifs et financiers)\u00a0 compl\u00e9t\u00e9e et sign\u00e9e<em><br \/><\/em><\/li>\n<li>le <strong>fiche d\u2019urgence<\/strong> (pour l\u2019infirmi\u00e8re scolaire) compl\u00e9t\u00e9e et sign\u00e9e<\/li>\n<li>le <strong>dossier de Fonds Social<\/strong> (\u00e0 rendre avec les pi\u00e8ces demand\u00e9es ou Barr\u00e9 avec la mention \u00ab\u00a0N\u00e9ant\u00a0\u00bb)<\/li>\n<li>un<span style=\"color: #ff0000;\"><strong> R.I.B.<\/strong><\/span> ou R.I.P. (nom-pr\u00e9nom et classe inscrits au dos)\u00a0 \u2013 <strong>\u00c0 JOINDRE<\/strong><\/li>\n<li>un <span style=\"color: #000000;\">ch\u00e8que de 41 \u20ac<\/span> (environ 10 repas) \u2013 <strong>\u00c0 JOINDRE<\/strong> si vous souhaitez d\u00e9jeuner \u00e0 la cantine la 1\u00e8re quinzaine de septembre<\/li>\n<li><span style=\"color: #ff0000;\"><strong>2 photos<\/strong> <\/span><b><span style=\"color: #ff0000;\">r\u00e9centes<\/span> <\/b>et avec les<b>\u00a0NOM-<\/b><b>PR\u00c9NOM ET\u00a0<\/b><b>CLASSE DE L\u2019\u00c9L\u00c8VE AU VERSO<\/b> \u2013 <strong>\u00c0 JOINDRE<\/strong><\/li>\n<li>une copie de la\u00a0<span style=\"color: #ff0000;\"><strong>pi\u00e8ce d\u2019identit\u00e9 de l\u2019\u00e9l\u00e8ve<\/strong><\/span> \u2013 <strong>\u00c0 JOINDRE<\/strong><\/li>\n<li>un<span style=\"color: #ff0000;\">\u00a0<\/span><strong><span style=\"color: #ff0000;\">justificatif de l\u2019autorit\u00e9 parentale<\/span> pour les \u00e9l\u00e8ves mineurs<\/strong> (livret de famille \/ acte de naissance \/ extrait du jugement de s\u00e9paration \/ etc) \u2013 <strong>\u00c0 JOINDRE<\/strong><\/li>\n<li>les <span style=\"color: #ff0000;\"><strong>bulletins de l\u2019ann\u00e9e de 1\u00e8re<\/strong><\/span> et le <strong><span style=\"color: #ff0000;\">relev\u00e9 des notes de 1\u00e8re<\/span><\/strong> \u2013 <strong>\u00c0 JOINDRE<\/strong><\/li>\n<li><strong><span style=\"color: #ff0000;\">Attestation de recensement ou certificat de participation \u00e0 la J.D.C.<\/span><\/strong> pour les \u00e9l\u00e8ves de plus de 16 ans et de nationalit\u00e9 fran\u00e7aise\u00a0\u2013 <strong>\u00c0 JOINDRE<\/strong><\/li>\n<li>le bulletin d\u2019adh\u00e9sion \u00e0 la M.D.L. si vous souhaitez <strong>avec le r\u00e8glement de 5 euros<\/strong> (Ch\u00e8que \u00e0 l\u2019ordre de \u00ab La maison des Lyc\u00e9ens du Lyc\u00e9e Jean Perrin de Lambersart \u00bb ou esp\u00e8ces) \u2013 <strong>\u00c0 LIRE ATTENTIVEMENT<\/strong><\/li>\n<\/ul>\n<p><strong>JE VOUS REMERCIE DE VEILLER A <span style=\"color: #0000ff;\">\u00c9CRIRE LISIBLEMENT<\/span> (<span style=\"color: #0000ff;\">de pr\u00e9f\u00e9rence en majuscules<\/span>) afin qu\u2019il n\u2019y ait pas d\u2019erreur d\u2019interpr\u00e9tation lors de la lecture des documents.<\/strong><\/p>\n<p><span style=\"color: #ff0000;\"><strong>2\u00a0\u2013\u00a0RETOUR DES DOSSIERS D\u2019INSCRIPTION AU\u00a0LYC\u00c9E<\/strong><\/span><\/p>\n<p><strong>* <span style=\"color: #0000ff;\">Au lyc\u00e9e<\/span> &#8211; au secr\u00e9tariat p\u00e9dagogique &#8211; <span style=\"color: #0000ff;\">avant le 10 juillet 2025 &#8211; 16h<\/span><\/strong><\/p>\n<p><span style=\"color: #0000ff;\"><strong>* D\u00e9p\u00f4t dans la bo\u00eete aux lettres du lyc\u00e9e (24h\/24) jusqu&rsquo;au 11 juillet <span style=\"text-decoration: underline;\">MIDI<\/span><\/strong><\/span> &#8211; Merci d&rsquo;indiquer \u00ab\u00a0dossier d&rsquo;inscription en Terminale\u00a0\u00bb sur l&rsquo;enveloppe et de <strong><span style=\"color: #008000;\">pr\u00e9voir une enveloppe s\u00e9par\u00e9e pour les documents \u00e0 destination des F\u00e9d\u00e9rations de Parents d&rsquo;\u00e9l\u00e8ves.<\/span><\/strong><\/p>\n<p>* <span style=\"color: #0000ff;\"><strong>Par la voie postale jusqu&rsquo;au 11 juillet 2025<\/strong> <\/span>&#8211; Merci d&rsquo;indiquer \u00ab\u00a0dossier d&rsquo;inscription en Terminale\u00a0\u00bb sur l&rsquo;enveloppe et de <strong><span style=\"color: #008000;\">pr\u00e9voir une enveloppe s\u00e9par\u00e9e pour les documents \u00e0 destination des F\u00e9d\u00e9rations de Parents d&rsquo;\u00e9l\u00e8ves.<\/span><\/strong><\/p>\n<p><span style=\"color: #ff0000;\"><strong>3 \u2013\u00a0R\u00c9SERVATION DES MANUELS SCOLAIRES<\/strong><\/span><\/p>\n<p><strong>Par ailleurs, les documents relatifs au pr\u00eat des manuels scolaires par les F\u00e9d\u00e9rations de Parents d\u2019\u00e9l\u00e8ves sont disponibles dans l\u2019onglet\u00a0<span style=\"color: #008000;\"><a style=\"color: #008000;\" href=\"https:\/\/www.lyceejeanperrin.fr\/?page_id=88875\">\u00ab\u00a0ESPACE PARENTS\u00a0\u00bb-\u00ab\u00a0BOURSE AUX LIVRES\u00a0\u00bb<\/a>.<\/span><\/strong><\/p>\n<\/div>\n\n\n<p><\/p>\n","protected":false},"excerpt":{"rendered":"<p>ATTENTION SI VOTRE ENFANT N\u2019EST PAS AFFECT\u00c9 AU LYC\u00c9E JEAN PERRIN PAR MONSIEUR L\u2019INSPECTEUR D\u2019ACAD\u00c9MIE LORS DE LA COMMISSION D&rsquo;AFFECTATION DE JUILLET, ALORS SON INSCRIPTION NE POURRA \u00caTRE ACCEPT\u00c9E. LES \u00c9L\u00c8VES DOUBLANTS SONT INVITES A D\u00c9POSER UNE DEMANDE DE R\u00c9INSCRIPTION : le 4 juillet 2025 si l&rsquo;\u00e9l\u00e8ve a \u00e9chou\u00e9 au &#8230;<\/p>\n","protected":false},"author":3,"featured_media":0,"parent":89079,"menu_order":3,"comment_status":"closed","ping_status":"closed","template":"","meta":{"footnotes":""},"class_list":["post-88843","page","type-page","status-publish","hentry","column","threecol"],"_links":{"self":[{"href":"https:\/\/www.lyceejeanperrin.fr\/index.php?rest_route=\/wp\/v2\/pages\/88843","targetHints":{"allow":["GET"]}}],"collection":[{"href":"https:\/\/www.lyceejeanperrin.fr\/index.php?rest_route=\/wp\/v2\/pages"}],"about":[{"href":"https:\/\/www.lyceejeanperrin.fr\/index.php?rest_route=\/wp\/v2\/types\/page"}],"author":[{"embeddable":true,"href":"https:\/\/www.lyceejeanperrin.fr\/index.php?rest_route=\/wp\/v2\/users\/3"}],"replies":[{"embeddable":true,"href":"https:\/\/www.lyceejeanperrin.fr\/index.php?rest_route=%2Fwp%2Fv2%2Fcomments&post=88843"}],"version-history":[{"count":18,"href":"https:\/\/www.lyceejeanperrin.fr\/index.php?rest_route=\/wp\/v2\/pages\/88843\/revisions"}],"predecessor-version":[{"id":91145,"href":"https:\/\/www.lyceejeanperrin.fr\/index.php?rest_route=\/wp\/v2\/pages\/88843\/revisions\/91145"}],"up":[{"embeddable":true,"href":"https:\/\/www.lyceejeanperrin.fr\/index.php?rest_route=\/wp\/v2\/pages\/89079"}],"wp:attachment":[{"href":"https:\/\/www.lyceejeanperrin.fr\/index.php?rest_route=%2Fwp%2Fv2%2Fmedia&parent=88843"}],"curies":[{"name":"wp","href":"https:\/\/api.w.org\/{rel}","templated":true}]}}