{"id":88953,"date":"2020-06-09T10:23:29","date_gmt":"2020-06-09T08:23:29","guid":{"rendered":"https:\/\/www.lyceejeanperrin.fr\/?page_id=88953"},"modified":"2025-06-03T11:10:22","modified_gmt":"2025-06-03T09:10:22","slug":"inscriptions-en-b-t-s","status":"publish","type":"page","link":"https:\/\/www.lyceejeanperrin.fr\/?page_id=88953","title":{"rendered":"INSCRIPTION EN B.T.S. 1\u00e8re ann\u00e9e ou 2\u00e8me ann\u00e9e"},"content":{"rendered":"\n<p><span style=\"color: #333399;\">Vous<\/span> <span style=\"color: #333399;\">\u00eates admis en B.T.S. au Lyc\u00e9e Jean Perrin de Lambersart sur PARCOURSUP et vous avez valid\u00e9 d\u00e9finitivement votre accord dans PARCOURSUP.<\/span><\/p>\n\n\n\n<p><span style=\"color: #333399;\">Vous devez \u00e0 pr\u00e9sent <strong>finaliser votre inscription<\/strong> au Lyc\u00e9e Jean Perrin<mark> <\/mark><\/span><strong><mark><span style=\"color: #333399;\">en nous transmettant<\/span> <\/mark><span style=\"text-decoration: underline;\"><span style=\"color: #ff0000; font-size: 14pt; text-decoration: underline;\"><mark>d\u00e8s que possible<\/mark><\/span><\/span> <span style=\"color: #333399;\">et<\/span> <span style=\"color: #ff0000;\">dans tous les cas au plus tard :<\/span><\/strong><\/p>\n\n\n\n<ul class=\"wp-block-list\">\n<li><strong><span style=\"color: #ff0000;\">le 4 juillet 2025 pour les \u00e9l\u00e8ves de 2\u00e8me ann\u00e9e <\/span><\/strong><\/li>\n\n\n\n<li><strong><span style=\"color: #ff0000;\">le 11 juillet 2025 pour les \u00e9tudiants de 1\u00e8re ann\u00e9e<\/span><\/strong><\/li>\n<\/ul>\n\n\n\n<p class=\"has-text-align-center\"><strong><span style=\"color: #333399;\">votre dossier d&rsquo;inscription<\/span><\/strong><span style=\"color: #333399;\"> <span style=\"font-size: 12pt;\"><strong>compl\u00e9t\u00e9, sign\u00e9 et accompagn\u00e9 des pi\u00e8ces \u00e0 joindre <\/strong><\/span> \u00e0 l&rsquo;adresse suivante<\/span> :<\/p>\n\n\n\n<p class=\"has-text-align-center\">LYC\u00c9E JEAN PERRIN<br><strong>INSCRIPTION B.T.S.<\/strong><br>2 Avenue Sakharov &#8211; B.P. 129<br>59832 LAMBERSART Cedex<\/p>\n\n\n\n<p class=\"has-vivid-red-color has-text-color has-link-color wp-elements-4d7292a9516bdc88c3518e1f9102f1c6\"><span style=\"color: #333399;\">Je vous invite \u00e0 lire <\/span><a href=\"https:\/\/www.lyceejeanperrin.fr\/wp-content\/uploads\/2024\/06\/Dossier-dinscription-MODE-DEMPLOI-BTS-1ere-annee.pdf\"><strong>le mode d&#8217;emploi 1\u00e8re ann\u00e9e<\/strong><\/a><span style=\"color: #333399;\"><strong><a href=\"https:\/\/www.lyceejeanperrin.fr\/wp-content\/uploads\/2025\/05\/Dossier-dinscription-MODE-DEMPLOI-BTS-1ere-annee.pdf\">&nbsp; \u00e0 t\u00e9l\u00e9charger<\/a><\/strong><\/span> pour les \u00e9l\u00e8ves entrant en 1\u00e8re ann\u00e9e.<\/p>\n\n\n\n<p class=\"has-vivid-red-color has-text-color has-link-color wp-elements-61b5bd7d90fc6e7908353a33fd5bcbfd\"><span style=\"color: #333399;\">Je vous invite \u00e0 lire<strong> <\/strong><\/span><a href=\"https:\/\/www.lyceejeanperrin.fr\/wp-content\/uploads\/2025\/05\/Dossier-dinscription-MODE-DEMPLOI-BTS-2eme-annee.pdf\"><strong>le mode d&#8217;emploi 2\u00e8me ann\u00e9e<\/strong><\/a><span style=\"color: #333399;\"><strong><a href=\"https:\/\/www.lyceejeanperrin.fr\/wp-content\/uploads\/2025\/05\/Dossier-dinscription-MODE-DEMPLOI-BTS-2eme-annee.pdf\">&nbsp; \u00e0 t\u00e9l\u00e9charger<\/a><\/strong><\/span> pour les \u00e9l\u00e8ves entrant en 2\u00e8me ann\u00e9e.<\/p>\n\n\n\n<p><span style=\"color: #333399;\">Les pi\u00e8ces du dossier sont \u00e0 t\u00e9l\u00e9charger<strong> en cliquant sur les liens ci dessous<\/strong> :<\/span><\/p>\n\n\n<div class=\"wp-block-image\">\n<figure class=\"alignright\"><img loading=\"lazy\" decoding=\"async\" width=\"188\" height=\"300\" src=\"https:\/\/www.lyceejeanperrin.fr\/wp-content\/uploads\/2022\/06\/Petit-bonhomme-panneaux-188x300.png\" alt=\"\" class=\"wp-image-90224\" srcset=\"https:\/\/www.lyceejeanperrin.fr\/wp-content\/uploads\/2022\/06\/Petit-bonhomme-panneaux-188x300.png 188w, https:\/\/www.lyceejeanperrin.fr\/wp-content\/uploads\/2022\/06\/Petit-bonhomme-panneaux.png 267w\" sizes=\"auto, (max-width: 188px) 100vw, 188px\" \/><\/figure>\n<\/div>\n\n\n<p><span style=\"text-decoration: underline;\"><strong>Le dossier d&rsquo;inscription pour \u00eatre complet doit comprendre<\/strong><\/span><strong> :<br><\/strong><\/p>\n\n\n\n<ul class=\"wp-block-list\">\n<li><a href=\"https:\/\/www.lyceejeanperrin.fr\/wp-content\/uploads\/2025\/05\/Fiche-de-renseignements-2025-2026.pdf\">la fiche de renseignements (pour l&rsquo;administration)<\/a> &#8211;<span style=\"color: #000000;\"> <em>A COMPL\u00c9TER<\/em><\/span><\/li>\n\n\n\n<li><a href=\"https:\/\/www.lyceejeanperrin.fr\/wp-content\/uploads\/2025\/05\/Fiche-dUrgence-2025.pdf\">la fiche d&rsquo;urgence (pour l&rsquo;infirmi\u00e8re et la vie scolaire)<\/a>&nbsp;&#8211;<span style=\"color: #000000;\"> <em>A COMPL\u00c9TER<\/em><\/span><\/li>\n\n\n\n<li><a href=\"https:\/\/www.lyceejeanperrin.fr\/wp-content\/uploads\/2025\/06\/FICHE-DE-VOEUX-PEDAGOGIQUES-BTS-1ERE-ANNEE.pdf\">la fiche de v\u0153ux p\u00e9dagogiques  BTS 1\u00e8re ann\u00e9e<\/a>\u00a0 &#8211;<span style=\"color: #000000;\"> <em>A COMPL\u00c9TER<\/em><\/span><\/li>\n\n\n\n<li>ou <a href=\"https:\/\/www.lyceejeanperrin.fr\/wp-content\/uploads\/2025\/05\/FICHE-DE-VOEUX-PEDAGOGIQUES-BTS-2EME-ANNEE.pdf\">la fiche de v\u0153ux p\u00e9dagogiques BTS 2\u00e8me ann\u00e9e<\/a> &#8211;<span style=\"color: #000000;\"> <em>A COMPL\u00c9TER<\/em><\/span><\/li>\n\n\n\n<li>un R.I.B. ou R.I.P. (indispensable pour tout remboursement) &#8211; <strong>A JOINDRE<\/strong><\/li>\n\n\n\n<li>une copie de votre relev\u00e9 de notes du Baccalaur\u00e9at &#8211; <strong>A JOINDRE<\/strong><\/li>\n\n\n\n<li>2 photos <strong>r\u00e9centes<\/strong> &#8211; <strong>A JOINDRE<\/strong><\/li>\n\n\n\n<li>la copie d&rsquo;une pi\u00e8ce d&rsquo;identit\u00e9 de l&rsquo;\u00e9tudiant &#8211; <strong>A JOINDRE<\/strong><\/li>\n\n\n\n<li>un ch\u00e8que de 41 \u20ac (environ 10 repas) si vous souhaitez d\u00e9jeuner d\u00e8s la premi\u00e8re quinzaine de septembre \u00e0 la restauration scolaire&nbsp; &#8211; <strong>UNE CARTE VOUS SEREZ REMISE A LA RENTR\u00c9E<\/strong><\/li>\n<\/ul>\n\n\n\n<p><a href=\"https:\/\/www.lyceejeanperrin.fr\/wp-content\/uploads\/2025\/05\/FICHE-INFO-LA-RESTAURATION-SCOLAIRE-2025.pdf\">FICHE INFO RESTAURATION ICI<\/a><\/p>\n\n\n\n<p><strong>SI VOUS \u00caTES DE NATIONALIT\u00c9 FRAN\u00c7AISE<\/strong> &#8211; Nous vous informons que le certificat de participation \u00e0 la Journ\u00e9e D\u00e9fense et Citoyennet\u00e9 (J.D.C.) est obligatoire pour passer le B.T.S. <strong>Il vous sera demand\u00e9 de fournir ce document au moment de l\u2019inscription au BTS au mois de novembre.<\/strong><\/p>\n\n\n\n<p><\/p>\n","protected":false},"excerpt":{"rendered":"<p>Vous \u00eates admis en B.T.S. au Lyc\u00e9e Jean Perrin de Lambersart sur PARCOURSUP et vous avez valid\u00e9 d\u00e9finitivement votre accord dans PARCOURSUP. Vous devez \u00e0 pr\u00e9sent finaliser votre inscription au Lyc\u00e9e Jean Perrin en nous transmettant d\u00e8s que possible et dans tous les cas au plus tard : votre dossier &#8230;<\/p>\n","protected":false},"author":3,"featured_media":0,"parent":89079,"menu_order":4,"comment_status":"closed","ping_status":"closed","template":"","meta":{"footnotes":""},"class_list":["post-88953","page","type-page","status-publish","hentry","column","threecol"],"_links":{"self":[{"href":"https:\/\/www.lyceejeanperrin.fr\/index.php?rest_route=\/wp\/v2\/pages\/88953","targetHints":{"allow":["GET"]}}],"collection":[{"href":"https:\/\/www.lyceejeanperrin.fr\/index.php?rest_route=\/wp\/v2\/pages"}],"about":[{"href":"https:\/\/www.lyceejeanperrin.fr\/index.php?rest_route=\/wp\/v2\/types\/page"}],"author":[{"embeddable":true,"href":"https:\/\/www.lyceejeanperrin.fr\/index.php?rest_route=\/wp\/v2\/users\/3"}],"replies":[{"embeddable":true,"href":"https:\/\/www.lyceejeanperrin.fr\/index.php?rest_route=%2Fwp%2Fv2%2Fcomments&post=88953"}],"version-history":[{"count":24,"href":"https:\/\/www.lyceejeanperrin.fr\/index.php?rest_route=\/wp\/v2\/pages\/88953\/revisions"}],"predecessor-version":[{"id":91187,"href":"https:\/\/www.lyceejeanperrin.fr\/index.php?rest_route=\/wp\/v2\/pages\/88953\/revisions\/91187"}],"up":[{"embeddable":true,"href":"https:\/\/www.lyceejeanperrin.fr\/index.php?rest_route=\/wp\/v2\/pages\/89079"}],"wp:attachment":[{"href":"https:\/\/www.lyceejeanperrin.fr\/index.php?rest_route=%2Fwp%2Fv2%2Fmedia&parent=88953"}],"curies":[{"name":"wp","href":"https:\/\/api.w.org\/{rel}","templated":true}]}}