{"id":89540,"date":"2021-05-03T10:30:04","date_gmt":"2021-05-03T08:30:04","guid":{"rendered":"https:\/\/www.lyceejeanperrin.fr\/?page_id=89540"},"modified":"2021-05-03T10:30:04","modified_gmt":"2021-05-03T08:30:04","slug":"sciences-et-laboratoire","status":"publish","type":"page","link":"https:\/\/www.lyceejeanperrin.fr\/?page_id=89540","title":{"rendered":"Sciences et Laboratoire (SL)"},"content":{"rendered":"<p><img loading=\"lazy\" decoding=\"async\" class=\"alignnone size-full wp-image-89541\" src=\"https:\/\/www.lyceejeanperrin.fr\/wp-content\/uploads\/2021\/05\/Image-SCIENCES-ET-LABO.png\" alt=\"Image SCIENCES ET LABO\" width=\"193\" height=\"120\" \/><\/p>\n<p><strong>L\u2019option facultative Sciences et Laboratoire (SL) n\u2019intervient qu\u2019en seconde<\/strong>, elle s\u2019adresse \u00e0 l\u2019ensemble des \u00e9l\u00e8ves ayant une certaine curiosit\u00e9 scientifique ainsi qu\u2019une app\u00e9tence pour l\u2019exp\u00e9rimentation.<\/p>\n<p>Lien ONISEP\u00a0 : <a href=\"https:\/\/oniseptv.onisep.fr\/onv\/enseignement-optionnel-de-seconde-sciences-et-laboratoire-2\">Pr\u00e9sentation des \u00ab\u00a0Sciences et Laboratoire\u00a0\u00bb<\/a><\/p>\n<p>L\u2019option SL intervient sur un cr\u00e9neau d\u20191h30 par semaine alternativement pris en charge par un enseignant de SVT puis de Physique Chimie. Les groupes de SL sont \u00e0 <strong>effectifs r\u00e9duits afin de favoriser les manipulations.<\/strong><\/p>\n<p>Il n\u2019y a ni cours ni devoirs surveill\u00e9s ; <strong>l\u2019\u00e9valuation intervient sur les comptes rendus r\u00e9alis\u00e9s au cours des s\u00e9ances<\/strong> ainsi que sur les fins de modules qui donnent lieu \u00e0 des expos\u00e9s oraux dans l\u2019optique du grand oral.<\/p>\n<p><em>Exemple du <span style=\"text-decoration: underline;\">module \u00ab\u00a0Enqu\u00eate polici\u00e8re\u00a0\u00bb<\/span> commun SVT et Physique Chimie\u00a0: Les \u00e9l\u00e8ves sont les experts scientifiques qui tentent de r\u00e9soudre un crime par l\u2019\u00e9tude des diff\u00e9rents indices\u00a0: d\u00e9termination du groupe sanguin, \u00e9tude d\u2019un squelette, d\u2019un cheveu, etc.<\/em><\/p>\n<p>&nbsp;<\/p>\n","protected":false},"excerpt":{"rendered":"<p>L\u2019option facultative Sciences et Laboratoire (SL) n\u2019intervient qu\u2019en seconde, elle s\u2019adresse \u00e0 l\u2019ensemble des \u00e9l\u00e8ves ayant une certaine curiosit\u00e9 scientifique ainsi qu\u2019une app\u00e9tence pour l\u2019exp\u00e9rimentation. Lien ONISEP\u00a0 : Pr\u00e9sentation des \u00ab\u00a0Sciences et Laboratoire\u00a0\u00bb L\u2019option SL intervient sur un cr\u00e9neau d\u20191h30 par semaine alternativement pris en charge par un enseignant de &#8230;<\/p>\n","protected":false},"author":3,"featured_media":0,"parent":89470,"menu_order":8,"comment_status":"closed","ping_status":"closed","template":"","meta":{"footnotes":""},"class_list":["post-89540","page","type-page","status-publish","hentry","column","threecol"],"_links":{"self":[{"href":"https:\/\/www.lyceejeanperrin.fr\/index.php?rest_route=\/wp\/v2\/pages\/89540","targetHints":{"allow":["GET"]}}],"collection":[{"href":"https:\/\/www.lyceejeanperrin.fr\/index.php?rest_route=\/wp\/v2\/pages"}],"about":[{"href":"https:\/\/www.lyceejeanperrin.fr\/index.php?rest_route=\/wp\/v2\/types\/page"}],"author":[{"embeddable":true,"href":"https:\/\/www.lyceejeanperrin.fr\/index.php?rest_route=\/wp\/v2\/users\/3"}],"replies":[{"embeddable":true,"href":"https:\/\/www.lyceejeanperrin.fr\/index.php?rest_route=%2Fwp%2Fv2%2Fcomments&post=89540"}],"version-history":[{"count":0,"href":"https:\/\/www.lyceejeanperrin.fr\/index.php?rest_route=\/wp\/v2\/pages\/89540\/revisions"}],"up":[{"embeddable":true,"href":"https:\/\/www.lyceejeanperrin.fr\/index.php?rest_route=\/wp\/v2\/pages\/89470"}],"wp:attachment":[{"href":"https:\/\/www.lyceejeanperrin.fr\/index.php?rest_route=%2Fwp%2Fv2%2Fmedia&parent=89540"}],"curies":[{"name":"wp","href":"https:\/\/api.w.org\/{rel}","templated":true}]}}