{"id":90548,"date":"2023-04-12T15:54:02","date_gmt":"2023-04-12T13:54:02","guid":{"rendered":"https:\/\/www.lyceejeanperrin.fr\/?page_id=90548"},"modified":"2023-04-12T15:54:54","modified_gmt":"2023-04-12T13:54:54","slug":"les-aides-au-lycee","status":"publish","type":"page","link":"https:\/\/www.lyceejeanperrin.fr\/?page_id=90548","title":{"rendered":"LES AIDES AU LYC\u00c9E"},"content":{"rendered":"\n<p>Diff\u00e9rentes aides vous sont propos\u00e9es pour vous aider au cours de votre scolarit\u00e9 au lyc\u00e9e.<\/p>\n\n\n\n<p>Pour les lyc\u00e9ens : <a href=\"https:\/\/www.service-public.fr\/particuliers\/vosdroits\/F616\" data-type=\"URL\" data-id=\"https:\/\/www.service-public.fr\/particuliers\/vosdroits\/F616\">La bourse<\/a> \/ <a href=\"https:\/\/www.lyceejeanperrin.fr\/?page_id=90502\" data-type=\"URL\" data-id=\"https:\/\/www.lyceejeanperrin.fr\/?page_id=90502\">Le Fonds Social<\/a> \/ <a href=\"https:\/\/www.lyceejeanperrin.fr\/?page_id=88946\" data-type=\"URL\" data-id=\"https:\/\/www.lyceejeanperrin.fr\/?page_id=88946\">La carte HDF<\/a> \/ <a href=\"https:\/\/pass.culture.fr\/souscription\/\" data-type=\"URL\" data-id=\"https:\/\/pass.culture.fr\/souscription\/\">Le Pass Culture<\/a> \/ <a href=\"https:\/\/www.lyceejeanperrin.fr\/?page_id=89009\" data-type=\"URL\" data-id=\"https:\/\/www.lyceejeanperrin.fr\/?page_id=89009\">La carte de transport gratuite pour les -18 ans de la MEL<\/a><\/p>\n\n\n\n<p>Pour les \u00e9tudiants de BTS : <a href=\"https:\/\/www.etudiant.gouv.fr\/fr\/vos-aides-financieres-1896\" data-type=\"URL\" data-id=\"https:\/\/www.etudiant.gouv.fr\/fr\/vos-aides-financieres-1896\">Le Dossier Social Etudiant<\/a><\/p>\n","protected":false},"excerpt":{"rendered":"<p>Diff\u00e9rentes aides vous sont propos\u00e9es pour vous aider au cours de votre scolarit\u00e9 au lyc\u00e9e. Pour les lyc\u00e9ens : La bourse \/ Le Fonds Social \/ La carte HDF \/ Le Pass Culture \/ La carte de transport gratuite pour les -18 ans de la MEL Pour les \u00e9tudiants de &#8230;<\/p>\n","protected":false},"author":3,"featured_media":0,"parent":2217,"menu_order":5,"comment_status":"closed","ping_status":"closed","template":"","meta":{"footnotes":""},"class_list":["post-90548","page","type-page","status-publish","hentry","column","threecol"],"_links":{"self":[{"href":"https:\/\/www.lyceejeanperrin.fr\/index.php?rest_route=\/wp\/v2\/pages\/90548","targetHints":{"allow":["GET"]}}],"collection":[{"href":"https:\/\/www.lyceejeanperrin.fr\/index.php?rest_route=\/wp\/v2\/pages"}],"about":[{"href":"https:\/\/www.lyceejeanperrin.fr\/index.php?rest_route=\/wp\/v2\/types\/page"}],"author":[{"embeddable":true,"href":"https:\/\/www.lyceejeanperrin.fr\/index.php?rest_route=\/wp\/v2\/users\/3"}],"replies":[{"embeddable":true,"href":"https:\/\/www.lyceejeanperrin.fr\/index.php?rest_route=%2Fwp%2Fv2%2Fcomments&post=90548"}],"version-history":[{"count":2,"href":"https:\/\/www.lyceejeanperrin.fr\/index.php?rest_route=\/wp\/v2\/pages\/90548\/revisions"}],"predecessor-version":[{"id":90550,"href":"https:\/\/www.lyceejeanperrin.fr\/index.php?rest_route=\/wp\/v2\/pages\/90548\/revisions\/90550"}],"up":[{"embeddable":true,"href":"https:\/\/www.lyceejeanperrin.fr\/index.php?rest_route=\/wp\/v2\/pages\/2217"}],"wp:attachment":[{"href":"https:\/\/www.lyceejeanperrin.fr\/index.php?rest_route=%2Fwp%2Fv2%2Fmedia&parent=90548"}],"curies":[{"name":"wp","href":"https:\/\/api.w.org\/{rel}","templated":true}]}}